{"id":192,"date":"2021-09-09T05:54:57","date_gmt":"2021-09-09T03:54:57","guid":{"rendered":"http:\/\/37801.w1.wedos.ws\/?page_id=192"},"modified":"2021-09-09T07:59:56","modified_gmt":"2021-09-09T05:59:56","slug":"podmienky-chovnosti-lhasa-apso","status":"publish","type":"page","link":"https:\/\/ktp-sk.sk\/old\/podmienky-chovnosti-lhasa-apso\/","title":{"rendered":"Podmienky chovnosti Lhasa Apso"},"content":{"rendered":"<div class=\"fusion-fullwidth fullwidth-box fusion-builder-row-1 fusion-flex-container nonhundred-percent-fullwidth non-hundred-percent-height-scrolling\" style=\"background-color: rgba(255,255,255,0);background-position: center center;background-repeat: no-repeat;border-width: 0px 0px 0px 0px;border-color:#eae9e9;border-style:solid;\" ><div class=\"fusion-builder-row fusion-row fusion-flex-align-items-flex-start\" style=\"max-width:998.4px;margin-left: calc(-4% \/ 2 );margin-right: calc(-4% \/ 2 );\"><div class=\"fusion-layout-column fusion_builder_column fusion-builder-column-0 fusion_builder_column_1_1 1_1 fusion-flex-column\"><div class=\"fusion-column-wrapper fusion-flex-justify-content-flex-start fusion-content-layout-column\" style=\"background-position:left top;background-repeat:no-repeat;-webkit-background-size:cover;-moz-background-size:cover;-o-background-size:cover;background-size:cover;padding: 0px 0px 0px 0px;\"><div class=\"fusion-text fusion-text-1\"><p><b>Podmienky pre zaradenie psa\/suky do chovu:<\/b><\/p>\n<ul>\n<li>overen\u00fd p\u00f4vod, osved\u010den\u00fd preukazom o p\u00f4vode psa, vydan\u00fd Plemennou knihou uznanou FCI<\/li>\n<li>dosiahnutie vekovej hranice 15 mesiacov<\/li>\n<li>po\u010det rez\u00e1kov ide\u00e1lne 6\/6, najmenej v\u0161ak 5\/6. (platn\u00e9 od 12.9.2015) \u2013 rozhodca skontroluje na klubovej alebo \u0161peci\u00e1lnej v\u00fdstave<\/li>\n<li>absolvovanie dvoch v\u00fdstav minim\u00e1lne v triede mlad\u00fdch, z toho jednej klubovej alebo \u0161peci\u00e1lnej v\u00fdstavy Klubu tibetsk\u00fdch plemien s v\u00fdsledkom \u201eV\u00fdborn\u00fd\/\u00e1\u201c a z medzin\u00e1rodnej alebo n\u00e1rodnej v\u00fdstavy s v\u00fdsledkom \u201eV\u00fdborn\u00fd\/\u00e1\u201c alebo \u201eVe\u013emi dobr\u00fd\/\u00e1\u201c , od dvoch r\u00f4znych rozhodcov . Medzin\u00e1rodn\u00e1 v\u00fdstava alebo N\u00e1rodn\u00e1 v\u00fdstava sa akceptuje aj zo zahrani\u010dia<\/li>\n<li>potvrdenie o v\u00fdsledku <a href=\"https:\/\/www.ktp-sk.sk\/wp-content\/uploads\/2020\/02\/LA-DNA.pdf\">DNA<\/a> testu na PRA4 u plemena lhasa apso Akceptuje sa ofici\u00e1lny certifik\u00e1t\/spr\u00e1va z laborat\u00f3ria (platn\u00e9 od 15.9.2019). V pr\u00edpade, \u017ee s\u00fa obaja rodi\u010dia plemena lhasa apso PRA4 \u010dist\u00ed\/clear a je o tom doklad\/certifik\u00e1t, ich potomkovia s\u00fa pova\u017eovan\u00ed za PRA4 \u010dist\u00fdch\/clear a nie je potrebn\u00e9 tak\u00e9to jedince testova\u0165<\/li>\n<li>klub akceptuje p\u00edsomne potvrden\u00fa chovnos\u0165 dovezen\u00e9ho jedinca z \u010dlensk\u00fdch \u0161t\u00e1tov FCI<\/li>\n<li>klub nem\u00f4\u017ee udeli\u0165, resp. doporu\u010di\u0165 udelenie v\u00fdnimky pre zaradenie jedinca do chovu<\/li>\n<\/ul>\n<p><b>Ukon\u010denie chovnosti:<\/b><br \/>\n\u2013 suky do ukon\u010denia 8 roku veku<br \/>\n\u2013 psy po dov\u0155\u0161en\u00ed 13 rokov veku<\/p>\n<p><b>Postup objednania DNA testu PRA4 (Progressive Retinal Atrophy) pre plemeno lhasa apso:<br \/>\n<\/b><span style=\"color: var(--body_typography-color); font-family: var(--body_typography-font-family); font-size: var(--body_typography-font-size); font-style: var(--body_typography-font-style,normal); letter-spacing: var(--body_typography-letter-spacing);\">Test je mo\u017en\u00e9 zak\u00fapi\u0165 na Slovensku v laborat\u00f3riu <a href=\"https:\/\/sk.laboklin.info\" target=\"_blank\" rel=\"noopener noreferrer\"><b style=\"color: #800005;\">LABOKLIN<\/b><\/a>. <\/span><span style=\"color: var(--body_typography-color); font-family: var(--body_typography-font-family); font-size: var(--body_typography-font-size); font-style: var(--body_typography-font-style,normal); letter-spacing: var(--body_typography-letter-spacing);\">Genetick\u00e9 vy\u0161etrenie je mo\u017en\u00e9 realizova\u0165 zo vzorky EDTA krvi alebo 2 l\u00edcnych sterov. Vzorku si m\u00f4\u017eete necha\u0165 odobra\u0165 u veterin\u00e1ra alebo v pr\u00edpade l\u00edcnych sterov m\u00f4\u017eete odobra\u0165 vzorku aj vy. Vzorku je potrebn\u00e9 zasla\u0165 spolu s vyplnenou \u017eiadankou, ktor\u00fa si stiahnete <span style=\"color: #800005;\"><a style=\"font-weight: bold; color: #800005;\" href=\"https:\/\/sk.laboklin.info\/katalog-a-ziadanka\/\" target=\"_blank\" rel=\"noopener noreferrer\">TU<\/a>.<br \/>\n<\/span><\/span><span style=\"color: var(--body_typography-color); font-family: var(--body_typography-font-family); font-size: var(--body_typography-font-size); font-style: var(--body_typography-font-style,normal); letter-spacing: var(--body_typography-letter-spacing);\">\u010clenovia klubu maj\u00fa z\u013eavu.<\/span><\/p>\n<p>\u2013 ak si nebudete vedie\u0165 da\u0165 rady, treba kontaktova\u0165 poradky\u0148u chovu<\/p>\n<hr>\n<p><span style=\"color: #800000; font-family: Helvetica; font-size: large;\"><b>V\u00fdsledky p\u00e1renia pod\u013ea v\u00fdsledkov DNA testov<\/b><\/span><\/p>\n<hr>\n<table style=\"height: 408px;\" width=\"1020\" cellspacing=\"0\" cellpadding=\"0\">\n<tbody>\n<tr>\n<td colspan=\"3\" valign=\"middle\">&nbsp;<\/td>\n<\/tr>\n<tr>\n<td style=\"text-align: left;\" valign=\"middle\"><span style=\"color: #800000; font-family: Helvetica; font-size: medium;\"><b>&#8211; Kombin\u00e1cia jedincov &#8211;<\/b><\/span><\/td>\n<td style=\"text-align: left;\" valign=\"middle\"><span style=\"color: #800000; font-family: Helvetica; font-size: medium;\"><b>&#8211; V\u00fdsledok &#8211;<\/b><\/span><\/td>\n<td valign=\"middle\"><span style=\"color: #800000; font-family: Helvetica; font-size: medium;\"><b>Mo\u017enos\u0165 klinicky<br \/>\npostihnut\u00e9ho potomka?<\/b><\/span><\/td>\n<\/tr>\n<tr>\n<td valign=\"middle\"><span style=\"color: #000000; font-family: Helvetica; font-size: medium;\">Clear x Clear<br \/>\n(Bez mut\u00e1cie x Bez mut\u00e1cie)<\/span><\/td>\n<td valign=\"middle\"><span style=\"color: #000000; font-family: Noto Sans Armenian; font-size: medium;\">\u058d<\/span><span style=\"color: #000000; font-family: Helvetica; font-size: medium;\"> V\u0161etky \u0161teniatka bud\u00fa Clear (Bez mut\u00e1cie)<\/span><\/td>\n<td valign=\"middle\"><span style=\"color: #000000; font-family: Helvetica; font-size: medium;\">Nie<\/span><\/td>\n<\/tr>\n<tr>\n<td valign=\"middle\"><span style=\"color: #000000; font-family: Helvetica; font-size: medium;\">Clear x Carrier<br \/>\n(Bez mut\u00e1cie x Nosite\u013e)<\/span><\/td>\n<td valign=\"middle\"><span style=\"color: #000000; font-family: Noto Sans Armenian; font-size: medium;\">\u058d<\/span><span style=\"color: #000000; font-family: Helvetica; font-size: medium;\"> 50% \u0161teniatok bude Clear (Bez mut\u00e1cie)<br \/>\n<\/span><span style=\"color: #000000; font-family: Noto Sans Armenian; font-size: medium;\">\u058d<\/span><span style=\"color: #000000; font-family: Helvetica; font-size: medium;\"> 50% \u0161teniatok bude Carrier (Nosite\u013e)<\/span><\/td>\n<td valign=\"middle\"><span style=\"color: #000000; font-family: Helvetica; font-size: medium;\">Nie<\/span><\/td>\n<\/tr>\n<tr>\n<td valign=\"middle\"><span style=\"color: #000000; font-family: Helvetica; font-size: medium;\">Clear x Affected<br \/>\n(Bez mut\u00e1cie x Postihnut\u00fd)<\/span><\/td>\n<td valign=\"middle\"><span style=\"color: #000000; font-family: Noto Sans Armenian; font-size: medium;\">\u058d<\/span><span style=\"color: #000000; font-family: Helvetica; font-size: medium;\"> V\u0161etky \u0161teniatka bud\u00fa Carrier (Nosite\u013e)<\/span><\/td>\n<td valign=\"middle\"><span style=\"color: #000000; font-family: Helvetica; font-size: medium;\">Nie<\/span><\/td>\n<\/tr>\n<tr>\n<td valign=\"middle\"><span style=\"color: #000000; font-family: Helvetica; font-size: medium;\">Carrier x Carrier<br \/>\n(Nosite\u013e x Nosite\u013e)<\/span><\/td>\n<td valign=\"middle\"><span style=\"color: #000000; font-family: Noto Sans Armenian; font-size: medium;\">\u058d<\/span><span style=\"color: #000000; font-family: Helvetica; font-size: medium;\"> 25% \u0161teniatok bude Clear (Bez mut\u00e1cie)<br \/>\n<\/span><span style=\"color: #000000; font-family: Noto Sans Armenian; font-size: medium;\">\u058d<\/span><span style=\"color: #000000; font-family: Helvetica; font-size: medium;\"> 50% \u0161teniatok bude Carriers (Nosite\u013e)<br \/>\n<\/span><span style=\"color: #000000; font-family: Noto Sans Armenian; font-size: medium;\">\u058d<\/span><span style=\"color: #000000; font-family: Helvetica; font-size: medium;\"> 25% \u0161teniatok bude Affected (Postihnut\u00e9)<\/span><\/td>\n<td valign=\"middle\"><span style=\"color: #000000; font-family: Helvetica; font-size: medium;\">\u00c1no<\/span><\/td>\n<\/tr>\n<tr>\n<td valign=\"middle\"><span style=\"color: #000000; font-family: Helvetica; font-size: medium;\">Carrier x Affected<br \/>\n(Nosite\u013e x Postihnut\u00fd)<\/span><\/td>\n<td valign=\"middle\"><span style=\"color: #000000; font-family: Noto Sans Armenian; font-size: medium;\">\u058d<\/span><span style=\"color: #000000; font-family: Helvetica; font-size: medium;\"> 50% \u0161teniatok bude Carriers (Nosite\u013e)<br \/>\n<\/span><span style=\"color: #000000; font-family: Noto Sans Armenian; font-size: medium;\">\u058d<\/span><span style=\"color: #000000; font-family: Helvetica; font-size: medium;\"> 50% \u0161teniatok bude Affected (Postihnut\u00e9)<\/span><\/td>\n<td valign=\"middle\"><span style=\"color: #800000; font-family: Helvetica; font-size: medium;\">\u00c1no*<\/span><\/td>\n<\/tr>\n<tr>\n<td valign=\"middle\"><span style=\"color: #000000; font-family: Helvetica; font-size: medium;\">Affected x Affected<br \/>\n(Postihnut\u00fd x Postihnut\u00fd)<\/span><\/td>\n<td valign=\"middle\"><span style=\"color: #000000; font-family: Noto Sans Armenian; font-size: medium;\">\u058d<\/span><span style=\"color: #000000; font-family: Helvetica; font-size: medium;\"> V\u0161etky \u0161teniatka bud\u00fa Affected (Postihnut\u00e9)<\/span><\/td>\n<td valign=\"middle\"><span style=\"color: #800000; font-family: Helvetica; font-size: medium;\">\u00c1no*<\/span><\/td>\n<\/tr>\n<\/tbody>\n<\/table>\n<p><em>\u058d Zdroj:cwww.ahtdnatesting.co.uk<br \/>\n<\/em><\/p>\n<p><span style=\"color: #800000; font-family: Helvetica; font-size: xx-small;\"><b>* KTP neodporu\u010d\u00ed spojenie jedincov:<br \/>\nCARRIER \/AFFECTED<br \/>\n<\/b><\/span><span style=\"color: #800000; font-family: Helvetica; font-size: xx-small;\"><b> AFFECTED \/AFFECTED<br \/>\n<\/b><\/span><\/p>\n<p><i>Ak chcete ma\u0165 inform\u00e1cie o svojom psovi\/suke uveden\u00e9 v sekcii &#8222;<\/i><b><i>Chovn\u00e9 jedince<\/i><\/b><i>&#8222;<\/i><i>, mus\u00edte posla\u0165 emailom poradcovi ivepetlhasa@gmail.com chovu k\u00f3piu PP s vidite\u013ene vyzna\u010den\u00fdm z\u00e1pisom chovnosti zo Slovenskej plemennej knihy UKK.<\/i><\/p>\n<p><i>Majite\u013e, pr\u00edpadne spolumajite\u013e, musia by\u0165 \u010dlenmi KTP (t.j. musia ma\u0165 zaplaten\u00fd \u010dlensk\u00fd poplatok na dan\u00fd kalend\u00e1rny rok) a musia by\u0165 obaja uveden\u00ed v PP psa\/suky.<br \/>\nAk chcete uverejni\u0165 aj ich fotografiu, po\u0161lite kvalitn\u00fa fotografiu dan\u00e9ho jedinca v \u010do najv\u00e4\u010d\u0161om rozl\u00ed\u0161en\u00ed. Emailom m\u00f4\u017eete doplni\u0165 \u010fal\u0161ie z\u00edskan\u00e9 tituly.<\/i><\/p>\n<p><b><i>Bez horeuvedn\u00fdch dokumentov, nie je mo\u017en\u00e9 tieto inform\u00e1cie uverejni\u0165<\/i><\/b><\/p>\n<\/div><\/div><style type=\"text\/css\">.fusion-body .fusion-builder-column-0{width:100% !important;margin-top : 0px;margin-bottom : 0px;}.fusion-builder-column-0 > .fusion-column-wrapper {padding-top : 0px !important;padding-right : 0px !important;margin-right : 1.92%;padding-bottom : 0px !important;padding-left : 0px !important;margin-left : 1.92%;}@media only screen and (max-width:1024px) {.fusion-body .fusion-builder-column-0{width:100% !important;}.fusion-builder-column-0 > .fusion-column-wrapper {margin-right : 1.92%;margin-left : 1.92%;}}@media only screen and (max-width:640px) {.fusion-body .fusion-builder-column-0{width:100% !important;}.fusion-builder-column-0 > .fusion-column-wrapper {margin-right : 1.92%;margin-left : 1.92%;}}<\/style><\/div><\/div><style type=\"text\/css\">.fusion-body .fusion-flex-container.fusion-builder-row-1{ padding-top : 0px;margin-top : 0px;padding-right : 0px;padding-bottom : 0px;margin-bottom : 0px;padding-left : 0px;}<\/style><\/div>\n","protected":false},"excerpt":{"rendered":"","protected":false},"author":8,"featured_media":0,"parent":0,"menu_order":0,"comment_status":"open","ping_status":"open","template":"","meta":{"ngg_post_thumbnail":0},"_links":{"self":[{"href":"https:\/\/ktp-sk.sk\/old\/wp-json\/wp\/v2\/pages\/192"}],"collection":[{"href":"https:\/\/ktp-sk.sk\/old\/wp-json\/wp\/v2\/pages"}],"about":[{"href":"https:\/\/ktp-sk.sk\/old\/wp-json\/wp\/v2\/types\/page"}],"author":[{"embeddable":true,"href":"https:\/\/ktp-sk.sk\/old\/wp-json\/wp\/v2\/users\/8"}],"replies":[{"embeddable":true,"href":"https:\/\/ktp-sk.sk\/old\/wp-json\/wp\/v2\/comments?post=192"}],"version-history":[{"count":0,"href":"https:\/\/ktp-sk.sk\/old\/wp-json\/wp\/v2\/pages\/192\/revisions"}],"wp:attachment":[{"href":"https:\/\/ktp-sk.sk\/old\/wp-json\/wp\/v2\/media?parent=192"}],"curies":[{"name":"wp","href":"https:\/\/api.w.org\/{rel}","templated":true}]}}