{"id":1965,"date":"2021-10-19T02:20:48","date_gmt":"2021-10-19T00:20:48","guid":{"rendered":"http:\/\/www.ktp-sk.sk\/?page_id=1965"},"modified":"2021-10-19T11:38:31","modified_gmt":"2021-10-19T09:38:31","slug":"prihlaska-do-klubu","status":"publish","type":"page","link":"https:\/\/ktp-sk.sk\/old\/klub\/prihlaska-do-klubu\/","title":{"rendered":"Prihl\u00e1\u0161ka do klubu"},"content":{"rendered":"<p>Pri platen\u00ed do spr\u00e1vy pre prij\u00edmate\u013ea uved\u0165e svoje meno a priezvisko.<br \/>\nD\u00f4kazom prijatia do klubu je va\u0161e zaradenie do zoznamu \u010dlenom na klubovej str\u00e1nke KTP.<\/p>\n<p><em><strong>V pr\u00edpade ot\u00e1zok kontaktujte ekon\u00f3mku klubu pani pani&nbsp;Barboru Duranziov\u00fa +421 918 549 515, alebo&nbsp; <a href=\"mailto:ekonom.ktp@gmail.com\">ekonom.ktp@gmail.com<\/a><br \/>\n<\/strong><\/em><\/p>\n<blockquote><p><span style=\"color: #800000;\"><strong>Od 18.10.2021 m\u00e1 Klub tibetsk\u00fdch plemien nov\u00fd \u00fa\u010det.<\/strong><\/span><br \/>\nIBAN: SK89 0900 0000 0051 8403 7010<br \/>\nSWIFT: GIBASKBX<span class=\"Apple-converted-space\">&nbsp;<br \/>\n<\/span>Slovensk\u00e1 sporite\u013e\u0148a a.s.<\/p><\/blockquote>\n<p>Z\u00e1pisn\u00e9 pri vstupe do klubu (nov\u00ed \u010dlenovia) 10 \u20ac<br \/>\n\u010clensk\u00e9 na kalend\u00e1rny rok <strong>20 \u20ac<\/strong><\/p>\n<div class=\"fusion-fullwidth fullwidth-box fusion-builder-row-1 fusion-flex-container hundred-percent-fullwidth non-hundred-percent-height-scrolling\" style=\"background-color: rgba(255,255,255,0);background-position: center center;background-repeat: no-repeat;border-width: 0px 0px 0px 0px;border-color:#eae9e9;border-style:solid;\" ><div class=\"fusion-builder-row fusion-row fusion-flex-align-items-flex-start\" style=\"width:calc( 100% + 0px ) !important;max-width:calc( 100% + 0px ) !important;margin-left: calc(-0px \/ 2 );margin-right: calc(-0px \/ 2 );\"><div class=\"fusion-layout-column fusion_builder_column fusion-builder-column-0 fusion_builder_column_1_1 1_1 fusion-flex-column fusion-flex-align-self-flex-start fusion-column-no-min-height\"><div class=\"fusion-column-wrapper fusion-flex-justify-content-flex-start fusion-content-layout-column\" style=\"background-position:left top;background-repeat:no-repeat;-webkit-background-size:cover;-moz-background-size:cover;-o-background-size:cover;background-size:cover;padding: 0px 0px 0px 0px;\"><div role=\"form\" class=\"wpcf7\" id=\"wpcf7-f4472-o1\" lang=\"sk-SK\" dir=\"ltr\">\n<div class=\"screen-reader-response\"><p role=\"status\" aria-live=\"polite\" aria-atomic=\"true\"><\/p> <ul><\/ul><\/div>\n<form action=\"\/old\/wp-json\/wp\/v2\/pages\/1965#wpcf7-f4472-o1\" method=\"post\" class=\"wpcf7-form init\" novalidate=\"novalidate\" data-status=\"init\">\n<div style=\"display: none;\">\n<input type=\"hidden\" name=\"_wpcf7\" value=\"4472\" \/>\n<input type=\"hidden\" name=\"_wpcf7_version\" value=\"5.5.4\" \/>\n<input type=\"hidden\" name=\"_wpcf7_locale\" value=\"sk_SK\" \/>\n<input type=\"hidden\" name=\"_wpcf7_unit_tag\" value=\"wpcf7-f4472-o1\" \/>\n<input type=\"hidden\" name=\"_wpcf7_container_post\" value=\"0\" \/>\n<input type=\"hidden\" name=\"_wpcf7_posted_data_hash\" value=\"\" \/>\n<\/div>\n<p>Va\u0161e meno a priezvisko (povinn\u00e9)<br \/>\n<span class=\"wpcf7-form-control-wrap text-your-name\"><input type=\"text\" name=\"text-your-name\" value=\"\" size=\"40\" class=\"wpcf7-form-control wpcf7-text wpcf7-validates-as-required\" aria-required=\"true\" aria-invalid=\"false\" \/><\/span><\/p>\n<p>Bydlisko (povinn\u00e9)<br \/>\n<span class=\"wpcf7-form-control-wrap textarea-bydlisko\"><textarea name=\"textarea-bydlisko\" cols=\"40\" rows=\"10\" class=\"wpcf7-form-control wpcf7-textarea wpcf7-validates-as-required\" aria-required=\"true\" aria-invalid=\"false\"><\/textarea><\/span><\/p>\n<p>D\u00e1tum narodenia (povinn\u00e9)<br \/>\n<span class=\"wpcf7-form-control-wrap text-nar\"><input type=\"text\" name=\"text-nar\" value=\"\" size=\"40\" class=\"wpcf7-form-control wpcf7-text wpcf7-validates-as-required\" aria-required=\"true\" aria-invalid=\"false\" \/><\/span><\/p>\n<p>V\u00e1\u0161 email (povinn\u00e9)<br \/>\n<span class=\"wpcf7-form-control-wrap your-email\"><input type=\"email\" name=\"your-email\" value=\"\" size=\"40\" class=\"wpcf7-form-control wpcf7-text wpcf7-email wpcf7-validates-as-required wpcf7-validates-as-email\" aria-required=\"true\" aria-invalid=\"false\" \/><\/span><\/p>\n<p>Telef\u00f3n<br \/>\n<span class=\"wpcf7-form-control-wrap tel-mobil\"><input type=\"tel\" name=\"tel-mobil\" value=\"\" size=\"40\" class=\"wpcf7-form-control wpcf7-text wpcf7-tel wpcf7-validates-as-tel\" aria-invalid=\"false\" \/><\/span><\/p>\n<p>Webov\u00e1 str\u00e1nka<br \/>\n<span class=\"wpcf7-form-control-wrap url-web\"><input type=\"url\" name=\"url-web\" value=\"\" size=\"40\" class=\"wpcf7-form-control wpcf7-text wpcf7-url wpcf7-validates-as-url\" aria-invalid=\"false\" \/><\/span><\/p>\n<p>N\u00e1zov chovate\u013eskej stanice<br \/>\n<span class=\"wpcf7-form-control-wrap text-chs\"><input type=\"text\" name=\"text-chs\" value=\"\" size=\"40\" class=\"wpcf7-form-control wpcf7-text wpcf7-validates-as-required\" aria-required=\"true\" aria-invalid=\"false\" \/><\/span><\/p>\n<p>Vlastn\u00edm plemeno<br \/>\n<span class=\"wpcf7-form-control-wrap text-plemeno\"><input type=\"text\" name=\"text-plemeno\" value=\"\" size=\"40\" class=\"wpcf7-form-control wpcf7-text wpcf7-validates-as-required\" aria-required=\"true\" aria-invalid=\"false\" \/><\/span><\/p>\n<p>S\u00fahlas\u00edm so spracovan\u00edm vy\u0161\u0161ie uveden\u00fdch osobn\u00fdch \u00fadajov pod\u013ea z\u00e1kona o ochrane osobn\u00fdch \u00fadajov 18\/2018 Z. z. a nariadenia Eur\u00f3pskeho parlamentu a Rady (E\u00da) 2016\/679 o ochrane fyzick\u00fdch os\u00f4b pri spracovan\u00ed osobn\u00fdch \u00fadajov.<\/p>\n<p><a href=\"https:\/\/www.ktp-sk.sk\/zasady-ochrany-osobnych-udajov\/\">Pre\u010d\u00edta\u0165 si \"Ochrana osobn\u00fdch \u00fadajov\"<\/a><br \/>\n  <span class=\"wpcf7-form-control-wrap acceptance-110\"><span class=\"wpcf7-form-control wpcf7-acceptance\"><span class=\"wpcf7-list-item\"><input type=\"checkbox\" name=\"acceptance-110\" value=\"1\" aria-invalid=\"false\" \/><\/span><\/span><\/span><\/p>\n<p>Svojim podpisom potvrdzujem, \u017ee v zmysle ustanoven\u00ed nariadenia Eur\u00f3pskeho parlamentu a rady (E\u00da) 2016\/679, z 27. apr\u00edla 2016 o ochrane fyzick\u00fdch os\u00f4b pri sprac\u00favan\u00ed osobn\u00fdch \u00fadajov a o vo\u013enom pohybe tak\u00fdchto \u00fadajov (GDPR) a ustanoveniami z\u00e1kona \u010d. 18\/2018 o ochrane osobn\u00fdch \u00fadajov a o zmene a doplnen\u00ed niektor\u00fdch z\u00e1konov,  som bol obozn\u00e1men\u00fd so sprac\u00favan\u00edm mojich osobn\u00fdch \u00fadajov prev\u00e1dzkovate\u013eom KTP;   so svojimi pr\u00e1vami a podmienkami sprac\u00favania osobn\u00fdch \u00fadajov prev\u00e1dzkovate\u013eom. Sprac\u00favanie osobn\u00fdch \u00fadajov prev\u00e1dzkovate\u013eom je pod\u013ea predmetu \u010dinnost\u00ed vykon\u00e1van\u00e9 najm\u00e4  na pr\u00e1vnom z\u00e1klade plnenia z\u00e1konnej povinnosti, pr\u00e1vnom z\u00e1klade predzmluvn\u00fdch vz\u0165ahov a plnenia zmluvy a pr\u00e1vnom z\u00e1klade opr\u00e1vnen\u00e9ho z\u00e1ujmu prev\u00e1dzkovate\u013ea.<\/p>\n<p><a href=\"https:\/\/www.ktp-sk.sk\/oboznamenie-so-spracovanim-osobnych-udajov\/\">Pre\u010d\u00edta\u0165 si \"S\u00fahlas so spracovan\u00edm osobn\u00fdch \u00fadajov\"<\/a><br \/>\n<span class=\"wpcf7-form-control-wrap acceptance-117\"><span class=\"wpcf7-form-control wpcf7-acceptance\"><span class=\"wpcf7-list-item\"><input type=\"checkbox\" name=\"acceptance-117\" value=\"1\" aria-invalid=\"false\" \/><\/span><\/span><\/span><\/p>\n<p><input type=\"submit\" value=\"Odosla\u0165\" class=\"wpcf7-form-control has-spinner wpcf7-submit\" \/><\/p>\n<div class=\"wpcf7-response-output\" aria-hidden=\"true\"><\/div><\/form><\/div><\/div><style type=\"text\/css\">.fusion-body .fusion-builder-column-0{width:100% !important;margin-top : 0px;margin-bottom : 0px;}.fusion-builder-column-0 > .fusion-column-wrapper {padding-top : 0px !important;padding-right : 0px !important;margin-right : 0px;padding-bottom : 0px !important;padding-left : 0px !important;margin-left : 0px;}@media only screen and (max-width:1024px) {.fusion-body .fusion-builder-column-0{width:100% !important;}.fusion-builder-column-0 > .fusion-column-wrapper {margin-right : 0px;margin-left : 0px;}}@media only screen and (max-width:640px) {.fusion-body .fusion-builder-column-0{width:100% !important;}.fusion-builder-column-0 > .fusion-column-wrapper {margin-right : 0px;margin-left : 0px;}}<\/style><\/div><\/div><style type=\"text\/css\">.fusion-fullwidth.fusion-builder-row-1 { overflow:visible; }.fusion-body .fusion-flex-container.fusion-builder-row-1{ padding-top : 0px;margin-top : 0px;padding-right : 0px;padding-bottom : 0px;margin-bottom : 0px;padding-left : 0px;}<\/style><\/div>\n","protected":false},"excerpt":{"rendered":"<p>Pri platen\u00ed do spr\u00e1vy pre prij\u00edmate\u013ea uved\u0165e svoje meno a priezvisko. D\u00f4kazom prijatia do klubu je va\u0161e zaradenie do zoznamu \u010dlenom na klubovej str\u00e1nke KTP. [&hellip;]<\/p>\n","protected":false},"author":8,"featured_media":0,"parent":90,"menu_order":0,"comment_status":"open","ping_status":"closed","template":"","meta":{"ngg_post_thumbnail":0},"_links":{"self":[{"href":"https:\/\/ktp-sk.sk\/old\/wp-json\/wp\/v2\/pages\/1965"}],"collection":[{"href":"https:\/\/ktp-sk.sk\/old\/wp-json\/wp\/v2\/pages"}],"about":[{"href":"https:\/\/ktp-sk.sk\/old\/wp-json\/wp\/v2\/types\/page"}],"author":[{"embeddable":true,"href":"https:\/\/ktp-sk.sk\/old\/wp-json\/wp\/v2\/users\/8"}],"replies":[{"embeddable":true,"href":"https:\/\/ktp-sk.sk\/old\/wp-json\/wp\/v2\/comments?post=1965"}],"version-history":[{"count":0,"href":"https:\/\/ktp-sk.sk\/old\/wp-json\/wp\/v2\/pages\/1965\/revisions"}],"up":[{"embeddable":true,"href":"https:\/\/ktp-sk.sk\/old\/wp-json\/wp\/v2\/pages\/90"}],"wp:attachment":[{"href":"https:\/\/ktp-sk.sk\/old\/wp-json\/wp\/v2\/media?parent=1965"}],"curies":[{"name":"wp","href":"https:\/\/api.w.org\/{rel}","templated":true}]}}