{"id":2288,"date":"2013-05-11T08:23:31","date_gmt":"2013-05-11T06:23:31","guid":{"rendered":"http:\/\/www.ktp-sk.sk\/?page_id=2288"},"modified":"2017-09-12T20:09:08","modified_gmt":"2017-09-12T18:09:08","slug":"23-9-2012","status":"publish","type":"page","link":"https:\/\/ktp-sk.sk\/old\/23-9-2012\/","title":{"rendered":"23.9.2012"},"content":{"rendered":"<p>ZOZNAM VYSTAVOVAN\u00ddCH PLEMIEN &#8211; sobota 23.09.2012<br \/>\nLIST OF BREEDS &#8211; Saturday 23.09.2012<\/p>\n<p>D\u00e1tum: 23.09.2012<\/p>\n<p>Kruh\/Ring 1 Rozhodca\/Judge: Miroslav V\u00e1clav\u00edk, CZ<\/p>\n<p>TIBETAN TERRIER&nbsp;&nbsp; &nbsp;10&nbsp;&nbsp; &nbsp;1 &#8211; 10<br \/>\nTIBETAN SPANIEL&nbsp;&nbsp; &nbsp;10&nbsp;&nbsp; &nbsp;11 &#8211; 20<br \/>\nLHASA APSO&nbsp;&nbsp; &nbsp;11&nbsp;&nbsp; &nbsp;21 &#8211; 31<br \/>\nSHIH TZU&nbsp;&nbsp; &nbsp;10&nbsp;&nbsp; &nbsp;32 &#8211; 41<br \/>\nSPOLU \/ TOTAL&nbsp;&nbsp; &nbsp;41<\/p>\n<p><strong>TIBETSK\u00dd TERI\u00c9R<\/strong><\/p>\n<p>Kruh\/Ring 1 &#8211; Rozhodca\/Judge : Miroslav V\u00e1clav\u00edk CZ<\/p>\n<p>PSY \/ MALES<\/p>\n<p>TRIEDA \u0160TENIAT \/ BABY CLASS<br \/>\n1&nbsp;&nbsp; &nbsp;EKADASHI TINGRI, SPKP 309, 15.04.2012<br \/>\nO: FALAMANDUS NORDIC VINTAGE, M: L\u00d6VSK\u00c4R\u00b4S LASYA<br \/>\nCH: KR\u00c1LIK ALBERT + BAJSOV\u00c1 ZDENKA, MAJ: KR\u00c1LIK ALBERT + BAJSOV\u00c1 ZDENKA&nbsp;&nbsp; &nbsp;VN<\/p>\n<p>TRIEDA MLAD\u00ddCH \/ JUNIOR CLASS<br \/>\n2&nbsp;&nbsp; &nbsp;BA-DAM NGO-DKAR DONGI SHEPA, SPKP 303, 20.07.2011<br \/>\nO: SKI-LA-KYI JARI -JUSTUS, M: LHA SKAP-MO TASHI BODJUL<br \/>\nCH: BLANKA STEFANOVA, MAJ: LUK\u00c1\u010cOV\u00c1 EVA&nbsp;&nbsp; &nbsp;VD3<br \/>\n3&nbsp;&nbsp; &nbsp;CUMALON TINGRI, SPKP 299, 30.08.2011<br \/>\nO: SUN KOSI CHAGAN LHA KHANG, M: DOLLY M-V KMECOVI<br \/>\nCH: ALBERT KR\u00c1LIK + ZDENKA BAJSOV\u00c1&nbsp;&nbsp; MAJ: ONDRI\u0160\u00cdKOV\u00c1 ANDREA&nbsp;&nbsp; &nbsp;V1, CAJC, JCC, <strong>V\u0160VM<\/strong><br \/>\n4&nbsp;&nbsp; &nbsp;GORDON Z TARGENU, CMKU\/TT\/1195\/11, 07.10.2011<br \/>\nO: CARTER SPOT OF DARKNESS, M: ANCHALI Z TARGENU<br \/>\nCH: \u017dOURKOV\u00c1 JI\u0158INA&nbsp;&nbsp; MAJ: ZEMIAROV\u00c1 MICHAELA&nbsp;&nbsp; &nbsp;VD2<\/p>\n<p>TRIEDA OTVOREN\u00c1 \/ OPEN CLASS<br \/>\n5&nbsp;&nbsp; &nbsp;AKAR TINGRI, SPKP 270, 21.05.2009<br \/>\nO: SESHIKA\u00b4S D\u00b4NAMPAR NANGZA OF SHAMBAVARA, M: DOLLY M-V KMECOVI<br \/>\nCH: KR\u00c1LIK ALBERT + BAJSOV\u00c1 ZDENKA, MAJ: KR\u00c1LIK ALBERT + BAJSOV\u00c1 ZDENKA&nbsp;&nbsp; &nbsp;V1, CAC, CC<\/p>\n<p>TRIEDA \u0160AMPI\u00d3NOV \/ CHAMPION CLASS<br \/>\n6&nbsp;&nbsp; &nbsp;<strong>KHYI-MI BOD-JA LAMLEH,<\/strong> SPKP 279, 01.04.2010<br \/>\nO: WANTED NICE DOG \u00b4S FAROUK LAMLEH, M: BHOOMI LAMLEH SCHAMBALA<br \/>\nCH: AD\u00c1MEKOV\u00c1 MARTINA, MAJ: AD\u00c1MEKOVCI MARTINA-MILAN&nbsp;&nbsp; &nbsp;V1, CAC, CC, <strong>V\u0160V, BOB, BIS I.<\/strong><\/p>\n<p>SUKY \/ FEMALES<\/p>\n<p>TRIEDA \u0160TENIAT \/ BABY CLASS<br \/>\n7&nbsp;&nbsp; &nbsp;ELLORA TINGRI, SPKP 312, 15.04.2012<br \/>\nO: FALAMANDUS NORDIC VINTAGE, M: L\u00d6VSK\u00c4R\u00b4S LASYA<br \/>\nCH: ALBERT KR\u00c1LIK, ZDENKA BAJSOV\u00c1, MAJ: KU\u010cERKOV\u00c1 VERONIKA ING.&nbsp;&nbsp; &nbsp;VN<\/p>\n<p>TRIEDA DORASTU \/ PUPPY CLASS<br \/>\n8&nbsp;&nbsp; &nbsp;MA-NI-KA OD VILZONKY , CMKU\/TT\/1222\/12, 03.03.2012<br \/>\nO: ATISHA \u00b4S FORTUNE HUNTER, M: PAM-ZAMIRIN PASIFIC ROMANCE<br \/>\nCH: MACHA\u010cOV\u00c1 MARTINA, MAJ: CHVALA LENKA&nbsp;&nbsp; &nbsp;VN. Najkraj\u0161\u00ed dorast<\/p>\n<p>TRIEDA MLAD\u00ddCH \/ JUNIOR CLASS<br \/>\n9&nbsp;&nbsp; &nbsp;CAITANYA TINGRI, SPKP 300, 30.08.2011<br \/>\nO: SUN KOSI CHAGAN LHA KHANG, M: DOLLY M-V KMECOVI<br \/>\nCH: KR\u00c1LIK ALBERT + BAJSOV\u00c1 ZDENKA, MAJ: KR\u00c1LIK ALBERT + BAJSOV\u00c1 ZDENKA&nbsp;&nbsp; &nbsp;V1, CAJC, JCC<\/p>\n<p>TRIEDA \u0160AMPI\u00d3NOV \/ CHAMPION CLASS<br \/>\n10&nbsp;&nbsp; &nbsp;BHOOMI LAMLEH SCHAMBALA, SPKP 242, 26.04.2006<br \/>\nO: SCHANTI\u00b4S KHAN-PO LAMLEH, M: MOCOWODO \u00b4S X-MODEL XANTHIA<br \/>\nCH: ALFIERI BARBORA, MAJ: AD\u00c1MEKOVCI MARTINA-MILAN&nbsp;&nbsp; &nbsp;V1, CAC, CC, <strong>V\u0160V<\/strong><\/p>\n<p><strong>TIBETSK\u00dd \u0160PANIEL<\/strong><\/p>\n<p>Kruh\/Ring 1 &#8211; Rozhodca\/Judge : Miroslav V\u00e1clav\u00edk CZ<\/p>\n<p>PSY \/ MALES<\/p>\n<p>TRIEDA MLAD\u00ddCH \/ JUNIOR CLASS<br \/>\n11&nbsp;&nbsp; &nbsp;CAN-RIG LOTOSOV\u00dd KVET TIBETU, SPKP 61, 01.06.2011<br \/>\nO: DGA-PO-NE-PO SOMMERLYST, M: GRAND CHSK.ETHEL MODR\u00c1 P\u00cdSNI\u010cKA<br \/>\nCH: INGRID VISOLAJSK\u00c1, MAJ: KOV\u00c1\u010cOV\u00c1 M\u00c1RIA ING.&nbsp;&nbsp; &nbsp;VD1<\/p>\n<p>TRIEDA STREDN\u00c1 \/ INTERMEDIATE CLASS<br \/>\n12&nbsp;&nbsp; &nbsp;BRI-ZHAL LOTOSOV\u00dd KVET TIBETU, SPKP 58, 16.10.2010<br \/>\nO: AMOR PERLA MAHAGON, M: ODETTE PERLA MAHAGON<br \/>\nCH: VISOLAJSK\u00c1 INGRID, MAJ: TURANSK\u00c1 O\u013dGA JUDR.&nbsp;&nbsp; &nbsp;VD1<\/p>\n<p>TRIEDA OTVOREN\u00c1 \/ OPEN CLASS<br \/>\n13&nbsp;&nbsp; &nbsp;AN-DAN-PO LOTOSOV\u00dd KVET TIBETU, SPKP 52, 25.12.2009<br \/>\nO: AMOR PERLA MAHAGON, M: ETHEL MODR\u00c1 P\u00cdSNI\u010cKA<br \/>\nCH: VISOLAJSK\u00c1 INGRID, MAJ: VISOLAJSK\u00c1 INGRID&nbsp;&nbsp; &nbsp;V1<\/p>\n<p>TRIEDA \u0160AMPI\u00d3NOV \/ CHAMPION CLASS<br \/>\n14&nbsp;&nbsp; &nbsp;B\u00c9LOS PERLA MAHAGON, CMKU\/TS\/982\/07\/08, 28.01.2007<br \/>\nO: NORBU PUL-I-KHUMRI, M: KIRK\u00c9 PERLA MAHAGON<br \/>\nCH: EVA H\u00c1JKOV\u00c1, MAJ: H\u00c1JKOV\u00c1 EVA&nbsp;&nbsp; &nbsp;V1, CAC, CC, <strong>V\u0160V, BOB, BIS III.<\/strong><\/p>\n<p>SUKY \/ FEMALES<\/p>\n<p>TRIEDA MLAD\u00ddCH \/ JUNIOR CLASS<br \/>\n15&nbsp;&nbsp; &nbsp;EXPLOSE PERLA MAHAGON, CMKU\/TS\/1444\/11, 11.10.2011<br \/>\nO: ALLISTER BOHEMIAN BY BIRTH, M: ISIS PERLA MAHAGON<br \/>\nCH: EVA H\u00c1JKOV\u00c1, MAJ: H\u00c1JKOV\u00c1 EVA&nbsp;&nbsp; &nbsp;VD1<\/p>\n<p>TRIEDA STREDN\u00c1 \/ INTERMEDIATE CLASS<br \/>\n16&nbsp;&nbsp; &nbsp;CA-TSHA LOTOSOV\u00dd KVET TIBETU, SPKP 64, 01.06.2011<br \/>\nO: DGA-PO-NE-PO SOMMERLYSTS , M: ETHEL MODR\u00c1 P\u00cdSNI\u010cKA<br \/>\nCH: VISOLAJSK\u00c1 INGRID, MAJ: HANUSOV\u00c1 ANDREA ING&nbsp;&nbsp; &nbsp;VD1<\/p>\n<p>TRIEDA OTVOREN\u00c1 \/ OPEN CLASS<br \/>\n17&nbsp;&nbsp; &nbsp;ANIMITA CINDIRELLA\u00b4S RANCH, SPKP 69, 24.02.2011<br \/>\nO: ORIN PERLA MAHAGON, M: PRINCESS PERLA MAHAGON<br \/>\nCH: MILAN SV\u00c1RKOVSK\u00dd, MAJ: DULINA RUDOLF JUDR&nbsp;&nbsp; &nbsp;D<br \/>\n18&nbsp;&nbsp; &nbsp;INDU BEDIGEBU, CMKU\/TS 1324\/10, 29.05.2010<br \/>\nO: ACHTAJ BOHEMIA MAESTRO, M: HAJAGRIVA BEDIGEBU<br \/>\nCH: KMON\u00cd\u010cKOV\u00c1 KL\u00c1RA&nbsp;&nbsp; MAJ: PAP\u00cdKOV\u00c1 MILADA ING.&nbsp;&nbsp; &nbsp;V1, CAC, CC<\/p>\n<p>TRIEDA \u0160AMPI\u00d3NOV \/ CHAMPION CLASS<br \/>\n19&nbsp;&nbsp; &nbsp;XIMICCA PERLA MAHAGON, CMKU\/TS\/1351\/10, 18.07.2010<br \/>\nO: B\u00c9LOS PERLA MAHAGON, M: NEFERTITI PERLA MAHAGON<br \/>\nCH: EVA H\u00c1JKOV\u00c1, MAJ: H\u00c1JKOV\u00c1 EVA&nbsp;&nbsp; &nbsp;V1, CAC, CC, <strong>V\u0160V<\/strong><\/p>\n<p>TRIEDA VETER\u00c1NOV \/ VETERAN CLASS<br \/>\n20&nbsp;&nbsp; &nbsp;NEFERTITI PERLA MAHAGON, CMKU\/TS\/721\/03\/05, 07.09.2003<br \/>\nO: RANGPO MODR\u00c1 P\u00cdSNI\u010cKA, M: EURYDIK\u00c9 PERLA MAHAGON<br \/>\nCH: EVA H\u00c1JKOV\u00c1, MAJ: H\u00c1JKOV\u00c1 EVA&nbsp;&nbsp; &nbsp;V1, <strong>NAJKRAJ\u0160\u00cd VETER\u00c1N<\/strong><\/p>\n<p><strong>LHASA APSO<\/strong><\/p>\n<p>Kruh\/Ring 1 &#8211; Rozhodca\/Judge : Miroslav V\u00e1clav\u00edk CZ<\/p>\n<p>PSY \/ MALESTRIEDA MLAD\u00ddCH \/ JUNIOR CLASS<br \/>\n21&nbsp;&nbsp; &nbsp;SHADOW MOON IVEPET, SPKP 460, 25.07.2011<br \/>\nO: CLOSE TO PERFECTION RE CLAIM, M: TI LA SHU O\u00b4IVEPET<br \/>\nCH: PETRAKOV\u00c1 IVETA, MAJ: PETRAKOV\u00c1 IVETA&nbsp;&nbsp; &nbsp;V2<br \/>\n22&nbsp;&nbsp; &nbsp;YANGADOO\u00b4S XPENSIVE TASTE, SPKP 472, 10.11.2011<br \/>\nO: MI-AMOR EYECATCHER, M: YANGADOO\u00b4S MY SWEET HEART<br \/>\nCH: HALLGREN PERNILLA&nbsp;&nbsp; MAJ: SINGHOV\u00c1 ERIKA&nbsp;&nbsp; &nbsp;V1, CAJC, JCC<\/p>\n<p>TRIEDA OTVOREN\u00c1 \/ OPEN CLASS<br \/>\n23&nbsp;&nbsp; &nbsp;KU-MA-RA GEMA &#8211; ROSES, SPKP 425, 07.10.2010<br \/>\nO: JOHNNIE WALKER IVEPET, M: DASCHA GEMA &#8211; ROSES<br \/>\nCH: GER\u0160I\u010cOV\u00c1 M\u00c1RIA, MAJ: SINGHOV\u00c1 ERIKA&nbsp;&nbsp; &nbsp;VD1<\/p>\n<p>TRIEDA MIMO KONKURENCIE \/ OUT OF CONCURENCE CLASS<br \/>\n24&nbsp;&nbsp; &nbsp;YANGADOO\u00b4S RUMOUR HAS IT, SE 12754\/2012, 24.10.2009<br \/>\nO: MIDWAS GERONIMO C, M: YANGADOO\u00b4S FABULOUS SWEET HEART<br \/>\nCH: HALLGREN PERNILLA, MAJ: \u010cERVEN\u00cdKOV\u00c1 \u013dUBICA ING.&nbsp;&nbsp; &nbsp;VD1<\/p>\n<p>SUKY \/ FEMALESTRIEDA MLAD\u00ddCH \/ JUNIOR CLASS<br \/>\n25&nbsp;&nbsp; &nbsp;DAMAYANTI TINGRI, SPKP 465, 31.08.2011<br \/>\nO: SIMBAD DEL ALCAZAR, M: YASSI AGATA LUX<br \/>\nCH: KR\u00c1LIK ALBERT, BAJSOV\u00c1 ZDENKA , MAJ: FLIMEROV\u00c1 VLADIM\u00cdRA MUDR&nbsp;&nbsp; &nbsp;V1, CAJC, JCC, <strong>V\u0160VM<\/strong><br \/>\n26&nbsp;&nbsp; &nbsp;SAJATIN EXTAZA, 5327\/XXXVI\/11 PKR.IX-59209, 02.07.2011<br \/>\nO: CHIC CHOIX PARADE CHIC, M: TOUCH THE SKY Z CZANCA<br \/>\nCH: KU\u015a IWONA&nbsp;&nbsp; MAJ: KU\u015a IWONA&nbsp;&nbsp; &nbsp;VD2<\/p>\n<p>TRIEDA STREDN\u00c1 \/ INTERMEDIATE CLASS<br \/>\n27&nbsp;&nbsp; &nbsp;RADICALLY\u00b4S AMANDA, SPKP 436, 14.01.2011<br \/>\nO: BLOWIN\u00b4MY HORN AT ORLANE, M: ORLANE\u00b4S ALL TOO EASY<br \/>\nCH: RADEK BLA\u017dO , MAJ: BLA\u017dO RADEK MGR.&nbsp;&nbsp; &nbsp;V1, CAC, CC, <strong>V\u0160V, BOB, BIS II.<\/strong><\/p>\n<p>TRIEDA OTVOREN\u00c1 \/ OPEN CLASS<br \/>\n28&nbsp;&nbsp; &nbsp;EILEEN ROSE Z\u00c1MOCK\u00c1 Z\u00c1HRADA, SPKP 429, 15.10.2010<br \/>\nO: YANGADOO\u00b4S MONTOYA, M: KANAYMA LENAKO<br \/>\nCH: PET\u00d6CZOVA OLGA, MAJ: PET\u0150CZOV\u00c1 O\u013dGA&nbsp;&nbsp; &nbsp;VD1<\/p>\n<p>TRIEDA \u0160AMPI\u00d3NOV \/ CHAMPION CLASS<br \/>\n29&nbsp;&nbsp; &nbsp;CHATUM GEMA-ROSES, SPKP 324, 28.05.2008<br \/>\nO: CLAVIUS IVEPET, M: CARIN GEMA-ROSES<br \/>\nCH: GER\u0160I\u010cOV\u00c1 M\u00c1RIA, MAJ: \u010cERVEN\u00cdKOV\u00c1 \u013dUBICA ING.&nbsp;&nbsp; &nbsp;V2, R.CAC<br \/>\n30&nbsp;&nbsp; &nbsp;TI LA SHU O\u00b4IVEPET, SPKP 177, 07.02.2005<br \/>\nO: KOKOMO COOL FOR CATS, M: KIZMET SWEET GEORGIA BROWN<br \/>\nCH: RAUHUT S&amp;K&nbsp;&nbsp; MAJ: PETRAKOV\u00c1 IVETA&nbsp;&nbsp; &nbsp;V1, CAC, CC<\/p>\n<p>TRIEDA \u010cESTN\u00c1 \/ HONOUR CLASS<br \/>\n31&nbsp;&nbsp; &nbsp;ORLANE\u00b4S ALL TOO EASY, SPKP 316, 25.11.2007<br \/>\nO: ORLANE\u00b4S EASY TO BE ME, M: ORLANE\u00b4S ALL IN THE SAME BOAT<br \/>\nCH: LINDA KENDALL SMITH , MAJ: BLA\u017dO RADEK MGR.&nbsp;&nbsp; &nbsp;<strong>V\u00cd\u0164AZ TR.\u010cESTNEJ<\/strong><\/p>\n<p><strong>SHIH-TZU<\/strong><\/p>\n<p>Kruh\/Ring 1 &#8211; Rozhodca\/Judge : Miroslav V\u00e1clav\u00edk CZ<\/p>\n<p>PSY \/ MALES<\/p>\n<p>TRIEDA \u0160TENIAT \/ BABY CLASS<br \/>\n32&nbsp;&nbsp; &nbsp;BAILEY ATREI KIRABZER, SPKP 753, 18.06.2012<br \/>\nO: NI-ANI-ATREI KIRABZER, M: VANDA-ATREI KIRABZER<br \/>\nCH: REZB\u00c1RIK MIROSLAV, MAJ: REZB\u00c1RIK MIROSLAV ING.&nbsp;&nbsp; &nbsp;VN<\/p>\n<p>TRIEDA MLAD\u00ddCH \/ JUNIOR CLASS<br \/>\n33&nbsp;&nbsp; &nbsp;CHESVET LINE IMAGE BLACK PEARLS, SPKP 738, 14.10.2011<br \/>\nO: HASHANAH COOL SHOT, M: CHESVET LINE OCHAROVANIE ORIANNA<br \/>\nCH: SVETLANA MIKHAYLOVA, MAJ: MACHYNOV\u00c1 BE\u00c1TA&nbsp;&nbsp; &nbsp;V1, CAJC, JCC, <strong>V\u0160VM<\/strong><\/p>\n<p>TRIEDA STREDN\u00c1 \/ INTERMEDIATE CLASS<br \/>\n34&nbsp;&nbsp; &nbsp;SAN JUAN DEL RIO SUCCESS ESSENCE, CMKU\/SHI\/5441\/10\/11, 20.11.2010<br \/>\nO: DILEMMA DREAM RUNNER, M: KAYBAROSHI HAN-HAR CONTROVERSY WOMAN<br \/>\nCH: MATUSZEK ILONA, MAJ: POLICAROVI VACLAV+KATERINA&nbsp;&nbsp; &nbsp;V1, CAC, CC, <strong>V\u0160V<\/strong><\/p>\n<p>SUKY \/ FEMALES<\/p>\n<p>TRIEDA \u0160TENIAT \/ BABY CLASS<br \/>\n35&nbsp;&nbsp; &nbsp;URGENCE Z IVAFRE, CMKU\/SHI\/5526\/12, 21.04.2012<br \/>\nO: VONG-KONG SHAH ABBAS , M: MANITY Z IVAFRE<br \/>\nCH: FREMROVA IVA, MAJ: FREMROVA IVA&nbsp;&nbsp; &nbsp;VN<\/p>\n<p>TRIEDA MLAD\u00ddCH \/ JUNIOR CLASS<br \/>\n36&nbsp;&nbsp; &nbsp;ROXI Z IVAFRE, CMKU\/SHI\/5386\/11, 01.09.2011<br \/>\nO: LUCIFER Z IVAFRE, M: HAGI MA-CA-LU<br \/>\nCH: FREMROV\u00c1 IVA, MAJ: \u0160EDINOV\u00c1 JITKA BC.&nbsp;&nbsp; &nbsp;V2<br \/>\n37&nbsp;&nbsp; &nbsp;SOLARIS AVIS MADAME KAYBAROSHI, 5384\/XXXVI\/11, 21.07.2011<br \/>\nO: LE VENDOSK WAFER \u00b4S BREAKINF NEWS, M: KAYBAROSHI HAN-HAR MISS INDEPENDENT<br \/>\nCH: LENART BOGUS\u0141AWA&nbsp;&nbsp; MAJ: OLESZCZUK BARBARA&nbsp;&nbsp; &nbsp;V1, CAJC, JCC<\/p>\n<p>TRIEDA STREDN\u00c1 \/ INTERMEDIATE CLASS<br \/>\n38&nbsp;&nbsp; &nbsp;LADY BLACK FU-LIN, PKR.IX 58966, 20.04.2011<br \/>\nO: XING-ATREI KIRABZER, M: DODA-KIKA ASTARTE GOLD<br \/>\nCH: JABLONSKA GRAZYNA, MAJ: SEHNALKOV\u00c1 SILVIA&nbsp;&nbsp; &nbsp;ODST\u00daPILA<\/p>\n<p>TRIEDA OTVOREN\u00c1 \/ OPEN CLASS<br \/>\n39&nbsp;&nbsp; &nbsp;ORIS-ATREI KIRABZER, SPKP 668, 18.03.2010<br \/>\nO: BLACKBERRY\u00b4S MISSION COMPLETED, M: ONURIS-ATREI KIRABZER<br \/>\nCH: REZB\u00c1RIKOV\u00c1 SILVIA, MAJ: B\u00cdZIKOV\u00c1 SILVIA&nbsp;&nbsp; &nbsp;VD1<br \/>\n40&nbsp;&nbsp; &nbsp;STAWBERRY-ATREI KIRABZER, SPKP 683, 26.09.2010<br \/>\nO: BLACKBERRY\u00b4S MISSION COMPLETED, M: VANDA-ATREI KIRABZER<br \/>\nCH: SEHN\u00c1LKOV\u00c1 \/REZB\u00c1RIKOV\u00c1\/ SILVIA&nbsp;&nbsp; MAJ: SEHNALKOV\u00c1 SILVIA&nbsp;&nbsp; &nbsp;DOSTATO\u010cN\u00c1<\/p>\n<p>TRIEDA \u0160AMPI\u00d3NOV \/ CHAMPION CLASS<br \/>\n41&nbsp;&nbsp; &nbsp;KENYA Z IVAFRE, CMKU\/SHI 5111\/10, 11.04.2010<br \/>\nO: BO-TWISTER-SON SHAH ABBAS, M: HAGI MA-CA-LU<br \/>\nCH: FREMROVA IVA, MAJ: FREMROVA IVA&nbsp;&nbsp; &nbsp;V1, CAC, CC, <strong>V\u0160V, BOB, BIS IV.<\/strong><\/p>\n<p>S\u00fa\u0165a\u017e Die\u0165a a pes<br \/>\n1.&nbsp;&nbsp; &nbsp;Hanusov\u00e1 Vivianka&nbsp;&nbsp; &nbsp;CA-TSHA LOTOSOV\u00dd KVET TIBETU, TIBETSK\u00dd \u0160PANIEL<\/p>\n<p>&nbsp;<\/p>\n<p style=\"text-align: right;\"><a href=\"http:\/\/www.ktp-sk.sk\/klubove-akcie\/\">sp\u00e4\u0165 na Klubov\u00e9 akcie<\/a><\/p>\n","protected":false},"excerpt":{"rendered":"<p>ZOZNAM VYSTAVOVAN\u00ddCH PLEMIEN &#8211; sobota 23.09.2012 LIST OF BREEDS &#8211; Saturday 23.09.2012 D\u00e1tum: 23.09.2012 Kruh\/Ring 1 Rozhodca\/Judge: Miroslav V\u00e1clav\u00edk, CZ TIBETAN TERRIER&nbsp;&nbsp; &nbsp;10&nbsp;&nbsp; &nbsp;1 &#8211; [&hellip;]<\/p>\n","protected":false},"author":8,"featured_media":0,"parent":0,"menu_order":0,"comment_status":"open","ping_status":"closed","template":"","meta":{"ngg_post_thumbnail":0},"_links":{"self":[{"href":"https:\/\/ktp-sk.sk\/old\/wp-json\/wp\/v2\/pages\/2288"}],"collection":[{"href":"https:\/\/ktp-sk.sk\/old\/wp-json\/wp\/v2\/pages"}],"about":[{"href":"https:\/\/ktp-sk.sk\/old\/wp-json\/wp\/v2\/types\/page"}],"author":[{"embeddable":true,"href":"https:\/\/ktp-sk.sk\/old\/wp-json\/wp\/v2\/users\/8"}],"replies":[{"embeddable":true,"href":"https:\/\/ktp-sk.sk\/old\/wp-json\/wp\/v2\/comments?post=2288"}],"version-history":[{"count":0,"href":"https:\/\/ktp-sk.sk\/old\/wp-json\/wp\/v2\/pages\/2288\/revisions"}],"wp:attachment":[{"href":"https:\/\/ktp-sk.sk\/old\/wp-json\/wp\/v2\/media?parent=2288"}],"curies":[{"name":"wp","href":"https:\/\/api.w.org\/{rel}","templated":true}]}}