{"id":4289,"date":"2015-09-14T14:57:34","date_gmt":"2015-09-14T12:57:34","guid":{"rendered":"http:\/\/www.ktp-sk.sk\/?page_id=4289"},"modified":"2020-10-13T12:23:23","modified_gmt":"2020-10-13T10:23:23","slug":"12-9-2015","status":"publish","type":"page","link":"https:\/\/ktp-sk.sk\/old\/12-9-2015\/","title":{"rendered":"12.9.2015"},"content":{"rendered":"<p><b>\u0160peci\u00e1lna v\u00fdstava 12.9.2015 R\u00e1zto\u010dno<\/b>,&nbsp;rozhodca Iveta Vojtekov\u00e1\/SK<\/p>\n<div class=\"fusion-fullwidth fullwidth-box fusion-builder-row-1 fusion-flex-container hundred-percent-fullwidth non-hundred-percent-height-scrolling\" style=\"background-color: rgba(255,255,255,0);background-position: center center;background-repeat: no-repeat;border-width: 0px 0px 0px 0px;border-color:#eae9e9;border-style:solid;\" ><div class=\"fusion-builder-row fusion-row fusion-flex-align-items-flex-start\" style=\"width:calc( 100% + 0px ) !important;max-width:calc( 100% + 0px ) !important;margin-left: calc(-0px \/ 2 );margin-right: calc(-0px \/ 2 );\"><div class=\"fusion-layout-column fusion_builder_column fusion-builder-column-0 fusion_builder_column_1_1 1_1 fusion-flex-column fusion-flex-align-self-flex-start fusion-column-no-min-height\"><div class=\"fusion-column-wrapper fusion-flex-justify-content-flex-start fusion-content-layout-column\" style=\"background-position:left top;background-repeat:no-repeat;-webkit-background-size:cover;-moz-background-size:cover;-o-background-size:cover;background-size:cover;padding: 0px 0px 0px 0px;\"><style type=\"text\/css\">@media only screen and (max-width:1024px) {.fusion-title.fusion-title-1{margin-top:10px!important; margin-right:0px!important;margin-bottom:15px!important;margin-left:0px!important;}}@media only screen and (max-width:640px) {.fusion-title.fusion-title-1{margin-top:10px!important; margin-right:0px!important;margin-bottom:10px!important; margin-left:0px!important;}}<\/style><div class=\"fusion-title title fusion-title-1 fusion-title-text fusion-title-size-two\" style=\"margin-top:10px;margin-right:0px;margin-bottom:15px;margin-left:0px;\"><div class=\"title-sep-container title-sep-container-left fusion-no-large-visibility fusion-no-medium-visibility fusion-no-small-visibility\"><div class=\"title-sep sep-\" style=\"border-color:#E7E6E6;\"><\/div><\/div><span class=\"awb-title-spacer fusion-no-large-visibility fusion-no-medium-visibility fusion-no-small-visibility\"><\/span><h2 class=\"title-heading-left fusion-responsive-typography-calculated\" style=\"margin:0;--fontSize:18;--minFontSize:18px;line-height:1.5;\"><span style=\"color: #8c0a2f;\"><strong>LHASA APSO<\/strong><\/span><\/h2><span class=\"awb-title-spacer\"><\/span><div class=\"title-sep-container title-sep-container-right\"><div class=\"title-sep sep-\" style=\"border-color:#E7E6E6;\"><\/div><\/div><\/div>\n<p>Pes\/Mlad\u0161\u00ed&nbsp;dorast<br \/>\nMICHIO IVEPET SHIRO SHO VN1,&nbsp;<strong>BIS Baby 1<\/strong><\/p>\n<p>Pes\/Dorast<br \/>\nWU-WEI AGATA LUX VN1<\/p>\n<p>Pes\/Mlad\u00fdch<br \/>\nBARBADOS IVEPET V1,&nbsp;JCC,&nbsp;CAJC<br \/>\nBAHRAIN IVEPET VD2<\/p>\n<p>Pes\/Stredn\u00e1<br \/>\nSAYONARA APSO JOHN TERRY V1,&nbsp;CAC, CC<br \/>\nPHILIP GEMA-ROSES VD2<\/p>\n<p>Pes\/Otvoren\u00e1<br \/>\nSURAHBI AGATA LUX VD1<\/p>\n<p>Pes\/\u0160ampi\u00f3nov<br \/>\nTAI FANZA THE PATRIARCH V1,&nbsp;CAC,CC,&nbsp;BOB,&nbsp;<strong>BIS 3<\/strong><\/p>\n<p>Suka\/Dorast<br \/>\nWALU AGATA LUX VN1<\/p>\n<p>Suka\/Mlad\u00fdch<br \/>\nSARASWATI STYLE QUEEN V1,&nbsp;CAJC,&nbsp;Junior BOB,&nbsp;V\u00ed\u0165az \u0161pec. v\u00fdstavy mlad\u00fdch<\/p>\n<p>Suka\/Stredn\u00e1<br \/>\nGREYS VZNE\u0160EN\u00dd V1,&nbsp;CAC, CC<\/p>\n<p>Suka\/Otvoren\u00e1<br \/>\nVANILLE AGATA LUX VD1<\/p>\n<p>Suka\/\u0160ampi\u00f3nov<br \/>\nXANTHE IVEPET V1,&nbsp;CAC, CC<br \/>\nMOIRA GEMA-ROSES V2,&nbsp;Res.CAC<\/p>\n<p>Suka\/Veter\u00e1nov<br \/>\nFEDERIKA AG\u00c1TA LUX V1,&nbsp;<strong>BIS Veter\u00e1n 1<\/strong><\/p>\n<\/div><style type=\"text\/css\">.fusion-body .fusion-builder-column-0{width:100% !important;margin-top : 0px;margin-bottom : 0px;}.fusion-builder-column-0 > .fusion-column-wrapper {padding-top : 0px !important;padding-right : 0px !important;margin-right : 0px;padding-bottom : 0px !important;padding-left : 0px !important;margin-left : 0px;}@media only screen and (max-width:1024px) {.fusion-body .fusion-builder-column-0{width:100% !important;}.fusion-builder-column-0 > .fusion-column-wrapper {margin-right : 0px;margin-left : 0px;}}@media only screen and (max-width:640px) {.fusion-body .fusion-builder-column-0{width:100% !important;}.fusion-builder-column-0 > .fusion-column-wrapper {margin-right : 0px;margin-left : 0px;}}<\/style><\/div><div class=\"fusion-layout-column fusion_builder_column fusion-builder-column-1 fusion_builder_column_1_1 1_1 fusion-flex-column fusion-flex-align-self-flex-start fusion-column-no-min-height\"><div class=\"fusion-column-wrapper fusion-flex-justify-content-flex-start fusion-content-layout-column\" style=\"background-position:left top;background-repeat:no-repeat;-webkit-background-size:cover;-moz-background-size:cover;-o-background-size:cover;background-size:cover;padding: 0px 0px 0px 0px;\"><style type=\"text\/css\">@media only screen and (max-width:1024px) {.fusion-title.fusion-title-2{margin-top:10px!important; margin-right:0px!important;margin-bottom:15px!important;margin-left:0px!important;}}@media only screen and (max-width:640px) {.fusion-title.fusion-title-2{margin-top:10px!important; margin-right:0px!important;margin-bottom:10px!important; margin-left:0px!important;}}<\/style><div class=\"fusion-title title fusion-title-2 fusion-title-text fusion-title-size-two\" style=\"margin-top:10px;margin-right:0px;margin-bottom:15px;margin-left:0px;\"><div class=\"title-sep-container title-sep-container-left fusion-no-large-visibility fusion-no-medium-visibility fusion-no-small-visibility\"><div class=\"title-sep sep-\" style=\"border-color:#E7E6E6;\"><\/div><\/div><span class=\"awb-title-spacer fusion-no-large-visibility fusion-no-medium-visibility fusion-no-small-visibility\"><\/span><h2 class=\"title-heading-left fusion-responsive-typography-calculated\" style=\"margin:0;--fontSize:18;--minFontSize:18px;line-height:1.5;\"><span style=\"color: #8c0a2f;\"><strong>SHIH-TZU<\/strong><\/span><\/h2><span class=\"awb-title-spacer\"><\/span><div class=\"title-sep-container title-sep-container-right\"><div class=\"title-sep sep-\" style=\"border-color:#E7E6E6;\"><\/div><\/div><\/div>\n<p>Pes\/Mlad\u00fdch<br \/>\nCASTLE RICHARD HIRAGANA V1,&nbsp;CAJC,&nbsp;Junior BOB<br \/>\nMARZYCIELSKI MIESZKO ASTARTE GOLD V2<\/p>\n<p>Pes\/Stredn\u00e1<br \/>\nBENTLEY JUNIOR HIRAGANA V1,&nbsp;CAC, CC<\/p>\n<p>Pes\/Otvoren\u00e1<br \/>\nBRUCE BREED LOVE V1,&nbsp;CAC, CC<br \/>\nCORMORAN ATREI KIRABZER VD2<br \/>\nAZRAEL THESE LOVINGEYES VD3<\/p>\n<p>Pes\/\u0160ampi\u00f3nov<br \/>\nAL PACINO BREED LOVE V1,&nbsp;CAC, CC<\/p>\n<p>Suka\/Mlad\u0161\u00ed&nbsp;dorast<br \/>\nPENELOPE ATREI KIRABZER VN1,&nbsp;<strong>BIS Puppy1<\/strong><\/p>\n<p>Suka\/Dorastu<br \/>\nFLORENTINA ATREI KIRABZER VN1<\/p>\n<p>Suka\/Mlad\u00fdch<br \/>\nLOLITA ATREI KIRABZER VD1<br \/>\nMONTANA ATREI KIRABZER VD2<\/p>\n<p>Suka\/Stredn\u00e1<br \/>\nBETHANY BLACK HIRAGANA VD1<\/p>\n<p>Suka\/Otvoren\u00e1 BRENDA THESE LOVINGEYES VD1<br \/>\nBRIANNY THESE LOVINGEYES nenast\u00fapil<\/p>\n<p>Suka\/\u0160ampi\u00f3nov<br \/>\nKENYA Z IVAFRE V1,&nbsp;CAC, CC,&nbsp;BOB,&nbsp;<strong>BIS 4<\/strong><\/p>\n<\/div><style type=\"text\/css\">.fusion-body .fusion-builder-column-1{width:100% !important;margin-top : 0px;margin-bottom : 0px;}.fusion-builder-column-1 > .fusion-column-wrapper {padding-top : 0px !important;padding-right : 0px !important;margin-right : 0px;padding-bottom : 0px !important;padding-left : 0px !important;margin-left : 0px;}@media only screen and (max-width:1024px) {.fusion-body .fusion-builder-column-1{width:100% !important;}.fusion-builder-column-1 > .fusion-column-wrapper {margin-right : 0px;margin-left : 0px;}}@media only screen and (max-width:640px) {.fusion-body .fusion-builder-column-1{width:100% !important;}.fusion-builder-column-1 > .fusion-column-wrapper {margin-right : 0px;margin-left : 0px;}}<\/style><\/div><div class=\"fusion-layout-column fusion_builder_column fusion-builder-column-2 fusion_builder_column_1_1 1_1 fusion-flex-column fusion-flex-align-self-flex-start fusion-column-no-min-height\"><div class=\"fusion-column-wrapper fusion-flex-justify-content-flex-start fusion-content-layout-column\" style=\"background-position:left top;background-repeat:no-repeat;-webkit-background-size:cover;-moz-background-size:cover;-o-background-size:cover;background-size:cover;padding: 0px 0px 0px 0px;\"><style type=\"text\/css\">@media only screen and (max-width:1024px) {.fusion-title.fusion-title-3{margin-top:10px!important; margin-right:0px!important;margin-bottom:15px!important;margin-left:0px!important;}}@media only screen and (max-width:640px) {.fusion-title.fusion-title-3{margin-top:10px!important; margin-right:0px!important;margin-bottom:10px!important; margin-left:0px!important;}}<\/style><div class=\"fusion-title title fusion-title-3 fusion-title-text fusion-title-size-two\" style=\"margin-top:10px;margin-right:0px;margin-bottom:15px;margin-left:0px;\"><div class=\"title-sep-container title-sep-container-left fusion-no-large-visibility fusion-no-medium-visibility fusion-no-small-visibility\"><div class=\"title-sep sep-\" style=\"border-color:#E7E6E6;\"><\/div><\/div><span class=\"awb-title-spacer fusion-no-large-visibility fusion-no-medium-visibility fusion-no-small-visibility\"><\/span><h2 class=\"title-heading-left fusion-responsive-typography-calculated\" style=\"margin:0;--fontSize:18;--minFontSize:18px;line-height:1.5;\"><span style=\"color: #8c0a2f;\"><strong>TIBETAN TERRIER<\/strong><\/span><\/h2><span class=\"awb-title-spacer\"><\/span><div class=\"title-sep-container title-sep-container-right\"><div class=\"title-sep sep-\" style=\"border-color:#E7E6E6;\"><\/div><\/div><\/div>\n<p>Pes\/Mlad\u0161\u00ed&nbsp;dorast<br \/>\nART OF LIFE ERBOSEDITION VN1<\/p>\n<p>Pes\/Otvoren\u00e1<br \/>\nCHENPO Z TARGENU V1,&nbsp;CAC, CC<\/p>\n<p>Pes\/\u0160ampi\u00f3nov<br \/>\nKHYI-MI BOD-JA LAMLEH V1,&nbsp;CAC, CC,&nbsp;BOB,&nbsp;<strong>BEST IN SHOW<\/strong><\/p>\n<p>Suka\/Mlad\u00fdch<br \/>\nLITOMADA&#8217;S GK&#8217;S FREE V1,&nbsp;JCC,&nbsp;CAJC,&nbsp;Junior BOB<\/p>\n<p>Suka\/Otvoren\u00e1<br \/>\nCAITANYA TINGRI V1,&nbsp;CAC, CC<\/p>\n<p>Suka\/\u0160ampi\u00f3nov<br \/>\nKHYI-MI BHAGIA LAMLEH V1,&nbsp;CAC, CC<\/p>\n<p>Pes\/Stredn\u00e1<br \/>\nEXCALIBUR LEGEND LUCY S SECRET V1,&nbsp;CAC, CC<\/p>\n<\/div><style type=\"text\/css\">.fusion-body .fusion-builder-column-2{width:100% !important;margin-top : 0px;margin-bottom : 0px;}.fusion-builder-column-2 > .fusion-column-wrapper {padding-top : 0px !important;padding-right : 0px !important;margin-right : 0px;padding-bottom : 0px !important;padding-left : 0px !important;margin-left : 0px;}@media only screen and (max-width:1024px) {.fusion-body .fusion-builder-column-2{width:100% !important;}.fusion-builder-column-2 > .fusion-column-wrapper {margin-right : 0px;margin-left : 0px;}}@media only screen and (max-width:640px) {.fusion-body .fusion-builder-column-2{width:100% !important;}.fusion-builder-column-2 > .fusion-column-wrapper {margin-right : 0px;margin-left : 0px;}}<\/style><\/div><div class=\"fusion-layout-column fusion_builder_column fusion-builder-column-3 fusion_builder_column_1_1 1_1 fusion-flex-column fusion-flex-align-self-flex-start fusion-column-no-min-height\"><div class=\"fusion-column-wrapper fusion-flex-justify-content-flex-start fusion-content-layout-column\" style=\"background-position:left top;background-repeat:no-repeat;-webkit-background-size:cover;-moz-background-size:cover;-o-background-size:cover;background-size:cover;padding: 0px 0px 0px 0px;\"><style type=\"text\/css\">@media only screen and (max-width:1024px) {.fusion-title.fusion-title-4{margin-top:10px!important; margin-right:0px!important;margin-bottom:15px!important;margin-left:0px!important;}}@media only screen and (max-width:640px) {.fusion-title.fusion-title-4{margin-top:10px!important; margin-right:0px!important;margin-bottom:10px!important; margin-left:0px!important;}}<\/style><div class=\"fusion-title title fusion-title-4 fusion-title-text fusion-title-size-two\" style=\"margin-top:10px;margin-right:0px;margin-bottom:15px;margin-left:0px;\"><div class=\"title-sep-container title-sep-container-left fusion-no-large-visibility fusion-no-medium-visibility fusion-no-small-visibility\"><div class=\"title-sep sep-\" style=\"border-color:#E7E6E6;\"><\/div><\/div><span class=\"awb-title-spacer fusion-no-large-visibility fusion-no-medium-visibility fusion-no-small-visibility\"><\/span><h2 class=\"title-heading-left fusion-responsive-typography-calculated\" style=\"margin:0;--fontSize:18;--minFontSize:18px;line-height:1.5;\"><span style=\"color: #8c0a2f;\"><strong>TIBETAN SPANIEL<\/strong><\/span><\/h2><span class=\"awb-title-spacer\"><\/span><div class=\"title-sep-container title-sep-container-right\"><div class=\"title-sep sep-\" style=\"border-color:#E7E6E6;\"><\/div><\/div><\/div>\n<p>Pes\/\u0160ampi\u00f3nov<br \/>\nARNI GANG CZIKI nenast\u00fapil<br \/>\nSOMMERLYST\u00b4S OS-PA DANPO V1,&nbsp;CAC,&nbsp;CC, BOB,&nbsp;<strong>BIS 2<\/strong><\/p>\n<p>Suka\/Mlad\u00fdch<br \/>\nCASEY DONUM TIBET V1,&nbsp;JCC,&nbsp;CAJC,&nbsp;Junior BOB<\/p>\n<p>Suka\/Stredn\u00e1<br \/>\nBRIA DONUM TIBET VD1<\/p>\n<p>Suka\/Otvoren\u00e1<br \/>\nGAN-GEN LOTOSOV\u00dd KVET TIBETU VD1<\/p>\n<p>Suka\/\u0160ampi\u00f3nov<br \/>\nESCAPADE PERLA MAHAGON V1,&nbsp;CAC, CC<\/div><style type=\"text\/css\">.fusion-body .fusion-builder-column-3{width:100% !important;margin-top : 0px;margin-bottom : 0px;}.fusion-builder-column-3 > .fusion-column-wrapper {padding-top : 0px !important;padding-right : 0px !important;margin-right : 0px;padding-bottom : 0px !important;padding-left : 0px !important;margin-left : 0px;}@media only screen and (max-width:1024px) {.fusion-body .fusion-builder-column-3{width:100% !important;}.fusion-builder-column-3 > .fusion-column-wrapper {margin-right : 0px;margin-left : 0px;}}@media only screen and (max-width:640px) {.fusion-body .fusion-builder-column-3{width:100% !important;}.fusion-builder-column-3 > .fusion-column-wrapper {margin-right : 0px;margin-left : 0px;}}<\/style><\/div><\/div><style type=\"text\/css\">.fusion-fullwidth.fusion-builder-row-1 { overflow:visible; }.fusion-body .fusion-flex-container.fusion-builder-row-1{ padding-top : 0px;margin-top : 0px;padding-right : 0px;padding-bottom : 0px;margin-bottom : 0px;padding-left : 0px;}<\/style><\/div>\n","protected":false},"excerpt":{"rendered":"<p>\u0160peci\u00e1lna v\u00fdstava 12.9.2015 R\u00e1zto\u010dno,&nbsp;rozhodca Iveta Vojtekov\u00e1\/SK<\/p>\n","protected":false},"author":8,"featured_media":0,"parent":0,"menu_order":0,"comment_status":"closed","ping_status":"closed","template":"","meta":{"ngg_post_thumbnail":0},"_links":{"self":[{"href":"https:\/\/ktp-sk.sk\/old\/wp-json\/wp\/v2\/pages\/4289"}],"collection":[{"href":"https:\/\/ktp-sk.sk\/old\/wp-json\/wp\/v2\/pages"}],"about":[{"href":"https:\/\/ktp-sk.sk\/old\/wp-json\/wp\/v2\/types\/page"}],"author":[{"embeddable":true,"href":"https:\/\/ktp-sk.sk\/old\/wp-json\/wp\/v2\/users\/8"}],"replies":[{"embeddable":true,"href":"https:\/\/ktp-sk.sk\/old\/wp-json\/wp\/v2\/comments?post=4289"}],"version-history":[{"count":0,"href":"https:\/\/ktp-sk.sk\/old\/wp-json\/wp\/v2\/pages\/4289\/revisions"}],"wp:attachment":[{"href":"https:\/\/ktp-sk.sk\/old\/wp-json\/wp\/v2\/media?parent=4289"}],"curies":[{"name":"wp","href":"https:\/\/api.w.org\/{rel}","templated":true}]}}