{"id":4565,"date":"2016-10-30T22:06:31","date_gmt":"2016-10-30T20:06:31","guid":{"rendered":"http:\/\/www.ktp-sk.sk\/?page_id=4565"},"modified":"2020-10-13T12:23:22","modified_gmt":"2020-10-13T10:23:22","slug":"30-10-2016","status":"publish","type":"page","link":"https:\/\/ktp-sk.sk\/old\/30-10-2016\/","title":{"rendered":"30.10.2016"},"content":{"rendered":"<p><b>\u0160peci\u00e1lna v\u00fdstava 30.10.2016 Mo\u0161ovce<\/b>,&nbsp;rozhodca Yana Gavrilova\/RUS<\/p>\n<div class=\"fusion-fullwidth fullwidth-box fusion-builder-row-1 fusion-flex-container hundred-percent-fullwidth non-hundred-percent-height-scrolling\" style=\"background-color: rgba(255,255,255,0);background-position: center center;background-repeat: no-repeat;border-width: 0px 0px 0px 0px;border-color:#eae9e9;border-style:solid;\" ><div class=\"fusion-builder-row fusion-row fusion-flex-align-items-flex-start\" style=\"width:calc( 100% + 0px ) !important;max-width:calc( 100% + 0px ) !important;margin-left: calc(-0px \/ 2 );margin-right: calc(-0px \/ 2 );\"><div class=\"fusion-layout-column fusion_builder_column fusion-builder-column-0 fusion_builder_column_1_1 1_1 fusion-flex-column fusion-flex-align-self-flex-start fusion-column-no-min-height\"><div class=\"fusion-column-wrapper fusion-flex-justify-content-flex-start fusion-content-layout-column\" style=\"background-position:left top;background-repeat:no-repeat;-webkit-background-size:cover;-moz-background-size:cover;-o-background-size:cover;background-size:cover;padding: 0px 0px 0px 0px;\"><style type=\"text\/css\">@media only screen and (max-width:1024px) {.fusion-title.fusion-title-1{margin-top:10px!important; margin-right:0px!important;margin-bottom:15px!important;margin-left:0px!important;}}@media only screen and (max-width:640px) {.fusion-title.fusion-title-1{margin-top:10px!important; margin-right:0px!important;margin-bottom:10px!important; margin-left:0px!important;}}<\/style><div class=\"fusion-title title fusion-title-1 fusion-title-text fusion-title-size-two\" style=\"margin-top:10px;margin-right:0px;margin-bottom:15px;margin-left:0px;\"><div class=\"title-sep-container title-sep-container-left fusion-no-large-visibility fusion-no-medium-visibility fusion-no-small-visibility\"><div class=\"title-sep sep-\" style=\"border-color:#E7E6E6;\"><\/div><\/div><span class=\"awb-title-spacer fusion-no-large-visibility fusion-no-medium-visibility fusion-no-small-visibility\"><\/span><h2 class=\"title-heading-left fusion-responsive-typography-calculated\" style=\"margin:0;--fontSize:18;--minFontSize:18px;line-height:1.5;\"><span style=\"color: #8c0a2f;\"><strong>LHASA APSO<\/strong><\/span><\/h2><span class=\"awb-title-spacer\"><\/span><div class=\"title-sep-container title-sep-container-right\"><div class=\"title-sep sep-\" style=\"border-color:#E7E6E6;\"><\/div><\/div><\/div>\n<p>Pes\/Mlad\u00fdch<br \/>\nCANDY CANE IVEPET V3<br \/>\nDARTAGNAN IVEPET V2<br \/>\nRADICALLY\u00b4S DANIEL V1, JCC, CAJC, Junior BOB, BIS<\/p>\n<p>Pes\/Stredn\u00e1<br \/>\nMICHIO IVEPET SHIRO SHO V1, CAC, CC<\/p>\n<p>Pes\/Otvoren\u00e1<br \/>\nBARBADOS IVEPET V3<br \/>\nBRUNEI IVEPET V1, CAC, CC<br \/>\nPHILIP GEMA-ROSES V2, Res.CAC<\/p>\n<p>Pes\/\u0160ampi\u00f3nov<br \/>\nSAYONARA APSO JOHN TERRY V1, CAC, CC, BOS<\/p>\n<p>Suka\/Mlad\u00fdch<br \/>\nAJATA AGATA LUX V2<br \/>\nJASMINE VILLAGE Z\u00c1MOCK\u00c1 Z\u00c1HRADA V1, JCC, CAJC<\/p>\n<p>Suka\/Stredn\u00e1<br \/>\nRAISA GEMA-ROSES V1, CAC, CC<\/p>\n<p>Suka\/Otvoren\u00e1<br \/>\nRAISA GEMA-ROSES V1, CAC, CC<br \/>\nWITH YOU FOREVER IVEPET V1, CAC, CC<br \/>\nWUDI AGATA LUX V3<\/p>\n<p>Suka\/\u0160ampi\u00f3nov<br \/>\nRADICALLY\u00b4S BAILEE V1, CAC, CC, BOB, BIS1<\/p>\n<p>Suka\/\u010cestn\u00e1<br \/>\nMOIRA GEMA-ROSES V1<\/p>\n<\/div><style type=\"text\/css\">.fusion-body .fusion-builder-column-0{width:100% !important;margin-top : 0px;margin-bottom : 0px;}.fusion-builder-column-0 > .fusion-column-wrapper {padding-top : 0px !important;padding-right : 0px !important;margin-right : 0px;padding-bottom : 0px !important;padding-left : 0px !important;margin-left : 0px;}@media only screen and (max-width:1024px) {.fusion-body .fusion-builder-column-0{width:100% !important;}.fusion-builder-column-0 > .fusion-column-wrapper {margin-right : 0px;margin-left : 0px;}}@media only screen and (max-width:640px) {.fusion-body .fusion-builder-column-0{width:100% !important;}.fusion-builder-column-0 > .fusion-column-wrapper {margin-right : 0px;margin-left : 0px;}}<\/style><\/div><div class=\"fusion-layout-column fusion_builder_column fusion-builder-column-1 fusion_builder_column_1_1 1_1 fusion-flex-column fusion-flex-align-self-flex-start fusion-column-no-min-height\"><div class=\"fusion-column-wrapper fusion-flex-justify-content-flex-start fusion-content-layout-column\" style=\"background-position:left top;background-repeat:no-repeat;-webkit-background-size:cover;-moz-background-size:cover;-o-background-size:cover;background-size:cover;padding: 0px 0px 0px 0px;\"><style type=\"text\/css\">@media only screen and (max-width:1024px) {.fusion-title.fusion-title-2{margin-top:10px!important; margin-right:0px!important;margin-bottom:15px!important;margin-left:0px!important;}}@media only screen and (max-width:640px) {.fusion-title.fusion-title-2{margin-top:10px!important; margin-right:0px!important;margin-bottom:10px!important; margin-left:0px!important;}}<\/style><div class=\"fusion-title title fusion-title-2 fusion-title-text fusion-title-size-two\" style=\"margin-top:10px;margin-right:0px;margin-bottom:15px;margin-left:0px;\"><div class=\"title-sep-container title-sep-container-left fusion-no-large-visibility fusion-no-medium-visibility fusion-no-small-visibility\"><div class=\"title-sep sep-\" style=\"border-color:#E7E6E6;\"><\/div><\/div><span class=\"awb-title-spacer fusion-no-large-visibility fusion-no-medium-visibility fusion-no-small-visibility\"><\/span><h2 class=\"title-heading-left fusion-responsive-typography-calculated\" style=\"margin:0;--fontSize:18;--minFontSize:18px;line-height:1.5;\"><span style=\"color: #8c0a2f;\"><strong>SHIH-TZU<\/strong><\/span><\/h2><span class=\"awb-title-spacer\"><\/span><div class=\"title-sep-container title-sep-container-right\"><div class=\"title-sep sep-\" style=\"border-color:#E7E6E6;\"><\/div><\/div><\/div>\n<p>Pes\/Dorastu<br \/>\nPRIDE LEON DERRIK VN1<\/p>\n<p>Pes\/Mlad\u00fdch<br \/>\nENRICO HIRAGANA V1<br \/>\nIKASHI ATREI KIRABZER V2<\/p>\n<p>Pes\/Stredn\u00e1<br \/>\nFERCHARA&#8217;S CHARLIE TANGO V1, CAC, CC<\/p>\n<p>Pes\/Otvoren\u00e1<br \/>\nB.G.PERSY JUSTIRAG V1, CAC, CC<br \/>\nSZ\u00d6L\u00d6HEGYI BITANG\u00dcZ\u00d6 GEORG V2, Res.CAC<\/p>\n<p>Pes\/\u0160ampi\u00f3nov<br \/>\nBENTLEY JUNIOR HIRAGANA V1, CAC,CC, BOB, BIS2<br \/>\nCHESVET LINE IMAGE BLACK PEARLS V2, Res.CAC<\/p>\n<p>Pes\/Veter\u00e1nov<br \/>\nSOLARIS AVIS MAGIC MOMENT V1<\/p>\n<p>Suka\/Mlad\u0161\u00ed&nbsp;dorast<br \/>\nTU CHU MADAM ATREI KIRABZER VN1, BIS Baby<\/p>\n<p>Suka\/Dorastu<br \/>\nCATLEYA AGATA LUX VN2<br \/>\nFERCHARA&#8217;S SANTA ROSA VN1, BIS Puppy<\/p>\n<p>Suka\/Mlad\u00fdch<br \/>\nCASSIOPEIA THESE LOVINGEYES V2<br \/>\nCELEST THESE LOVINGEYES odst\u00fapil<br \/>\nPENELOPE ATREI KIRABZER V1, JCC, CAJC, Junior BOB<\/p>\n<p>Suka\/Stredn\u00e1<br \/>\nFLORENTINA ATREI KIRABZER V1, CAC, CC<\/p>\n<p>Suka\/\u0160ampi\u00f3nov<br \/>\nKENYA Z IVAFRE V1, CAC, CC, BOS<\/p>\n<p>Suka\/Veter\u00e1nov<br \/>\nPIC DE CARLIT PIRENE SENIDA V1, BIS Veter\u00e1n<\/p>\n<\/div><style type=\"text\/css\">.fusion-body .fusion-builder-column-1{width:100% !important;margin-top : 0px;margin-bottom : 0px;}.fusion-builder-column-1 > .fusion-column-wrapper {padding-top : 0px !important;padding-right : 0px !important;margin-right : 0px;padding-bottom : 0px !important;padding-left : 0px !important;margin-left : 0px;}@media only screen and (max-width:1024px) {.fusion-body .fusion-builder-column-1{width:100% !important;}.fusion-builder-column-1 > .fusion-column-wrapper {margin-right : 0px;margin-left : 0px;}}@media only screen and (max-width:640px) {.fusion-body .fusion-builder-column-1{width:100% !important;}.fusion-builder-column-1 > .fusion-column-wrapper {margin-right : 0px;margin-left : 0px;}}<\/style><\/div><div class=\"fusion-layout-column fusion_builder_column fusion-builder-column-2 fusion_builder_column_1_1 1_1 fusion-flex-column fusion-flex-align-self-flex-start fusion-column-no-min-height\"><div class=\"fusion-column-wrapper fusion-flex-justify-content-flex-start fusion-content-layout-column\" style=\"background-position:left top;background-repeat:no-repeat;-webkit-background-size:cover;-moz-background-size:cover;-o-background-size:cover;background-size:cover;padding: 0px 0px 0px 0px;\"><style type=\"text\/css\">@media only screen and (max-width:1024px) {.fusion-title.fusion-title-3{margin-top:10px!important; margin-right:0px!important;margin-bottom:15px!important;margin-left:0px!important;}}@media only screen and (max-width:640px) {.fusion-title.fusion-title-3{margin-top:10px!important; margin-right:0px!important;margin-bottom:10px!important; margin-left:0px!important;}}<\/style><div class=\"fusion-title title fusion-title-3 fusion-title-text fusion-title-size-two\" style=\"margin-top:10px;margin-right:0px;margin-bottom:15px;margin-left:0px;\"><div class=\"title-sep-container title-sep-container-left fusion-no-large-visibility fusion-no-medium-visibility fusion-no-small-visibility\"><div class=\"title-sep sep-\" style=\"border-color:#E7E6E6;\"><\/div><\/div><span class=\"awb-title-spacer fusion-no-large-visibility fusion-no-medium-visibility fusion-no-small-visibility\"><\/span><h2 class=\"title-heading-left fusion-responsive-typography-calculated\" style=\"margin:0;--fontSize:18;--minFontSize:18px;line-height:1.5;\"><span style=\"color: #8c0a2f;\"><strong>TIBETAN TERRIER<\/strong><\/span><\/h2><span class=\"awb-title-spacer\"><\/span><div class=\"title-sep-container title-sep-container-right\"><div class=\"title-sep sep-\" style=\"border-color:#E7E6E6;\"><\/div><\/div><\/div>\n<p>Pes\/Mlad\u00fdch<br \/>\nHA-GI TINGRI V1, JCC, CAJC<\/p>\n<p>Pes\/Stredn\u00e1<br \/>\nART OF LIFE ERBOSEDITION V1, CAC, CC<\/p>\n<p>Pes\/\u0160ampi\u00f3nov<br \/>\nEKADASHI TINGRI V1, CAC, CC, BOB, BIS3<\/p>\n<p>Suka\/Mlad\u00fdch<br \/>\nHADA TINGRI V1, JCC, CAJC, Junior BOB<\/p>\n<p>Suka\/Stredn\u00e1<br \/>\nA DESERT ROSE ERBOSEDITION V1, CAC, CC, BOS<\/p>\n<p>Suka\/Otvoren\u00e1<br \/>\nSA-GA-RA OD VILZONKY V1, CAC, CC<\/p>\n<\/div><style type=\"text\/css\">.fusion-body .fusion-builder-column-2{width:100% !important;margin-top : 0px;margin-bottom : 0px;}.fusion-builder-column-2 > .fusion-column-wrapper {padding-top : 0px !important;padding-right : 0px !important;margin-right : 0px;padding-bottom : 0px !important;padding-left : 0px !important;margin-left : 0px;}@media only screen and (max-width:1024px) {.fusion-body .fusion-builder-column-2{width:100% !important;}.fusion-builder-column-2 > .fusion-column-wrapper {margin-right : 0px;margin-left : 0px;}}@media only screen and (max-width:640px) {.fusion-body .fusion-builder-column-2{width:100% !important;}.fusion-builder-column-2 > .fusion-column-wrapper {margin-right : 0px;margin-left : 0px;}}<\/style><\/div><div class=\"fusion-layout-column fusion_builder_column fusion-builder-column-3 fusion_builder_column_1_1 1_1 fusion-flex-column fusion-flex-align-self-flex-start fusion-column-no-min-height\"><div class=\"fusion-column-wrapper fusion-flex-justify-content-flex-start fusion-content-layout-column\" style=\"background-position:left top;background-repeat:no-repeat;-webkit-background-size:cover;-moz-background-size:cover;-o-background-size:cover;background-size:cover;padding: 0px 0px 0px 0px;\"><style type=\"text\/css\">@media only screen and (max-width:1024px) {.fusion-title.fusion-title-4{margin-top:10px!important; margin-right:0px!important;margin-bottom:15px!important;margin-left:0px!important;}}@media only screen and (max-width:640px) {.fusion-title.fusion-title-4{margin-top:10px!important; margin-right:0px!important;margin-bottom:10px!important; margin-left:0px!important;}}<\/style><div class=\"fusion-title title fusion-title-4 fusion-title-text fusion-title-size-two\" style=\"margin-top:10px;margin-right:0px;margin-bottom:15px;margin-left:0px;\"><div class=\"title-sep-container title-sep-container-left fusion-no-large-visibility fusion-no-medium-visibility fusion-no-small-visibility\"><div class=\"title-sep sep-\" style=\"border-color:#E7E6E6;\"><\/div><\/div><span class=\"awb-title-spacer fusion-no-large-visibility fusion-no-medium-visibility fusion-no-small-visibility\"><\/span><h2 class=\"title-heading-left fusion-responsive-typography-calculated\" style=\"margin:0;--fontSize:18;--minFontSize:18px;line-height:1.5;\"><span style=\"color: #8c0a2f;\"><strong>TIBETAN SPANIEL<\/strong><\/span><\/h2><span class=\"awb-title-spacer\"><\/span><div class=\"title-sep-container title-sep-container-right\"><div class=\"title-sep sep-\" style=\"border-color:#E7E6E6;\"><\/div><\/div><\/div>\n<p>Pes\/\u010cestn\u00e1<br \/>\nSOMMERLYST\u00b4S OS-PA DANPO V1, BIS \u010destn\u00fdch tried<\/p>\n<p>Suka\/Mlad\u00fdch<br \/>\nDAPHNE DONUM TIBET V1, JCC, CAJC, Junior BOB, BOB, BIS4<\/p>\n<p>&nbsp;<\/div><style type=\"text\/css\">.fusion-body .fusion-builder-column-3{width:100% !important;margin-top : 0px;margin-bottom : 0px;}.fusion-builder-column-3 > .fusion-column-wrapper {padding-top : 0px !important;padding-right : 0px !important;margin-right : 0px;padding-bottom : 0px !important;padding-left : 0px !important;margin-left : 0px;}@media only screen and (max-width:1024px) {.fusion-body .fusion-builder-column-3{width:100% !important;}.fusion-builder-column-3 > .fusion-column-wrapper {margin-right : 0px;margin-left : 0px;}}@media only screen and (max-width:640px) {.fusion-body .fusion-builder-column-3{width:100% !important;}.fusion-builder-column-3 > .fusion-column-wrapper {margin-right : 0px;margin-left : 0px;}}<\/style><\/div><\/div><style type=\"text\/css\">.fusion-fullwidth.fusion-builder-row-1 { overflow:visible; }.fusion-body .fusion-flex-container.fusion-builder-row-1{ padding-top : 0px;margin-top : 0px;padding-right : 0px;padding-bottom : 0px;margin-bottom : 0px;padding-left : 0px;}<\/style><\/div>\n","protected":false},"excerpt":{"rendered":"<p>\u0160peci\u00e1lna v\u00fdstava 30.10.2016 Mo\u0161ovce,&nbsp;rozhodca Yana Gavrilova\/RUS<\/p>\n","protected":false},"author":8,"featured_media":0,"parent":0,"menu_order":0,"comment_status":"closed","ping_status":"closed","template":"","meta":{"ngg_post_thumbnail":0},"_links":{"self":[{"href":"https:\/\/ktp-sk.sk\/old\/wp-json\/wp\/v2\/pages\/4565"}],"collection":[{"href":"https:\/\/ktp-sk.sk\/old\/wp-json\/wp\/v2\/pages"}],"about":[{"href":"https:\/\/ktp-sk.sk\/old\/wp-json\/wp\/v2\/types\/page"}],"author":[{"embeddable":true,"href":"https:\/\/ktp-sk.sk\/old\/wp-json\/wp\/v2\/users\/8"}],"replies":[{"embeddable":true,"href":"https:\/\/ktp-sk.sk\/old\/wp-json\/wp\/v2\/comments?post=4565"}],"version-history":[{"count":0,"href":"https:\/\/ktp-sk.sk\/old\/wp-json\/wp\/v2\/pages\/4565\/revisions"}],"wp:attachment":[{"href":"https:\/\/ktp-sk.sk\/old\/wp-json\/wp\/v2\/media?parent=4565"}],"curies":[{"name":"wp","href":"https:\/\/api.w.org\/{rel}","templated":true}]}}