{"id":5243,"date":"2017-10-28T13:55:34","date_gmt":"2017-10-28T11:55:34","guid":{"rendered":"http:\/\/www.ktp-sk.sk\/?page_id=5243"},"modified":"2020-10-13T12:23:18","modified_gmt":"2020-10-13T10:23:18","slug":"28-10-2017","status":"publish","type":"page","link":"https:\/\/ktp-sk.sk\/old\/28-10-2017\/","title":{"rendered":"28.10.2017"},"content":{"rendered":"<p><b>\u0160peci\u00e1lna v\u00fdstava 28.10.2017 Pie\u0161\u0165any<\/b>,&nbsp;rozhodca:&nbsp;Linda Vol\u00e1rikov\u00e1<\/p>\n<div class=\"fusion-fullwidth fullwidth-box fusion-builder-row-1 fusion-flex-container hundred-percent-fullwidth non-hundred-percent-height-scrolling\" style=\"background-color: rgba(255,255,255,0);background-position: center center;background-repeat: no-repeat;border-width: 0px 0px 0px 0px;border-color:#eae9e9;border-style:solid;\" ><div class=\"fusion-builder-row fusion-row fusion-flex-align-items-flex-start\" style=\"width:calc( 100% + 0px ) !important;max-width:calc( 100% + 0px ) !important;margin-left: calc(-0px \/ 2 );margin-right: calc(-0px \/ 2 );\"><div class=\"fusion-layout-column fusion_builder_column fusion-builder-column-0 fusion_builder_column_1_1 1_1 fusion-flex-column fusion-flex-align-self-flex-start fusion-column-no-min-height\"><div class=\"fusion-column-wrapper fusion-flex-justify-content-flex-start fusion-content-layout-column\" style=\"background-position:left top;background-repeat:no-repeat;-webkit-background-size:cover;-moz-background-size:cover;-o-background-size:cover;background-size:cover;padding: 0px 0px 0px 0px;\"><style type=\"text\/css\">@media only screen and (max-width:1024px) {.fusion-title.fusion-title-1{margin-top:10px!important; margin-right:0px!important;margin-bottom:15px!important;margin-left:0px!important;}}@media only screen and (max-width:640px) {.fusion-title.fusion-title-1{margin-top:10px!important; margin-right:0px!important;margin-bottom:10px!important; margin-left:0px!important;}}<\/style><div class=\"fusion-title title fusion-title-1 fusion-title-text fusion-title-size-two\" style=\"margin-top:10px;margin-right:0px;margin-bottom:15px;margin-left:0px;\"><div class=\"title-sep-container title-sep-container-left fusion-no-large-visibility fusion-no-medium-visibility fusion-no-small-visibility\"><div class=\"title-sep sep-\" style=\"border-color:#E7E6E6;\"><\/div><\/div><span class=\"awb-title-spacer fusion-no-large-visibility fusion-no-medium-visibility fusion-no-small-visibility\"><\/span><h2 class=\"title-heading-left fusion-responsive-typography-calculated\" style=\"margin:0;--fontSize:18;--minFontSize:18px;line-height:1.5;\"><span style=\"color: #8c0a2f;\"><strong>LHASA APSO<\/strong><\/span><\/h2><span class=\"awb-title-spacer\"><\/span><div class=\"title-sep-container title-sep-container-right\"><div class=\"title-sep sep-\" style=\"border-color:#E7E6E6;\"><\/div><\/div><\/div>\n<p>Pes\/Mlad\u0161\u00ed&nbsp;dorast<br \/>\nESHWAR AG\u00c1TA LUX \u2013 VN1, <strong>BIS minor puppy 3&nbsp;<\/strong><br \/>\nGEORGE CLOONEY IVEPET \u2013 nenast\u00fapil<\/p>\n<p>Pes\/Mlad\u00fdch<br \/>\nDENNY DIAMOND AG\u00c1TA LUX \u2013 nenast\u00fapil<\/p>\n<p>Pes\/Otvoren\u00e1<br \/>\nPHILIP GEMA-ROSES &#8211; V1, CAC, CC<\/p>\n<p>Pes\/\u0160ampi\u00f3nov<br \/>\nYARMILAN MURPHY\u00b4S IRISH RED &#8211; V1, CAC, CC, BOS<\/p>\n<p>Pes\/\u010cestn\u00e1<br \/>\nBRUNEI IVEPET \u2013 V1, BIS honour class 2<\/p>\n<p>Suka\/Mlad\u0161\u00ed dorast<br \/>\nGRETA GARBO IVEPET \u2013 nenast\u00fapil&nbsp;<br \/>\nGWYNETH PALTROW IVEPET &#8211; VN1, <strong>BIS minor puppy 2<\/strong>&nbsp;<br \/>\nTOSHA GEMA-ROSES \u2013 nenast\u00fapil<\/p>\n<p>Suka\/Mlad\u00fdch<br \/>\nFOREVER FUNNY DAR TIBETU &#8211; V1<\/p>\n<p>Suka\/Stredn\u00e1<br \/>\nCELIN BLACK DAR TIBETU &#8211; V1, CAC, CC<\/p>\n<p>Suka\/Otvoren\u00e1<br \/>\nAJATA AGATA LUX \u2013 nenast\u00fapil&nbsp;<br \/>\nARNIKA HEART OF HESTIA &#8211; V1, CAC, CC<\/p>\n<p>Suka\/\u0160ampi\u00f3nov<br \/>\nSAYONARA APSO SWEET&#8217;N&#8217;SPICY &#8211; V1, CAC, CC, BOB, V\u00ed\u0165az \u0161pec. v\u00fdstavy, <strong>BIS 2<\/strong><\/p>\n<\/div><style type=\"text\/css\">.fusion-body .fusion-builder-column-0{width:100% !important;margin-top : 0px;margin-bottom : 0px;}.fusion-builder-column-0 > .fusion-column-wrapper {padding-top : 0px !important;padding-right : 0px !important;margin-right : 0px;padding-bottom : 0px !important;padding-left : 0px !important;margin-left : 0px;}@media only screen and (max-width:1024px) {.fusion-body .fusion-builder-column-0{width:100% !important;}.fusion-builder-column-0 > .fusion-column-wrapper {margin-right : 0px;margin-left : 0px;}}@media only screen and (max-width:640px) {.fusion-body .fusion-builder-column-0{width:100% !important;}.fusion-builder-column-0 > .fusion-column-wrapper {margin-right : 0px;margin-left : 0px;}}<\/style><\/div><div class=\"fusion-layout-column fusion_builder_column fusion-builder-column-1 fusion_builder_column_1_1 1_1 fusion-flex-column fusion-flex-align-self-flex-start fusion-column-no-min-height\"><div class=\"fusion-column-wrapper fusion-flex-justify-content-flex-start fusion-content-layout-column\" style=\"background-position:left top;background-repeat:no-repeat;-webkit-background-size:cover;-moz-background-size:cover;-o-background-size:cover;background-size:cover;padding: 0px 0px 0px 0px;\"><style type=\"text\/css\">@media only screen and (max-width:1024px) {.fusion-title.fusion-title-2{margin-top:10px!important; margin-right:0px!important;margin-bottom:15px!important;margin-left:0px!important;}}@media only screen and (max-width:640px) {.fusion-title.fusion-title-2{margin-top:10px!important; margin-right:0px!important;margin-bottom:10px!important; margin-left:0px!important;}}<\/style><div class=\"fusion-title title fusion-title-2 fusion-title-text fusion-title-size-two\" style=\"margin-top:10px;margin-right:0px;margin-bottom:15px;margin-left:0px;\"><div class=\"title-sep-container title-sep-container-left fusion-no-large-visibility fusion-no-medium-visibility fusion-no-small-visibility\"><div class=\"title-sep sep-\" style=\"border-color:#E7E6E6;\"><\/div><\/div><span class=\"awb-title-spacer fusion-no-large-visibility fusion-no-medium-visibility fusion-no-small-visibility\"><\/span><h2 class=\"title-heading-left fusion-responsive-typography-calculated\" style=\"margin:0;--fontSize:18;--minFontSize:18px;line-height:1.5;\"><span style=\"color: #8c0a2f;\"><strong>SHIH-TZU<\/strong><\/span><\/h2><span class=\"awb-title-spacer\"><\/span><div class=\"title-sep-container title-sep-container-right\"><div class=\"title-sep sep-\" style=\"border-color:#E7E6E6;\"><\/div><\/div><\/div>\n<p>Pes\/Mlad\u00fdch<br \/>\nGOLDEN FISH KARDINAL &#8211; V1, CAJC, JCC, Junior BOB, <strong>BIS Junior<\/strong><\/p>\n<p>Pes\/Stredn\u00e1<br \/>\nIKASHI ATREI KIRABZER &#8211; V1, CAC, CC<br \/>\nPRIDE LEON DERRIK &#8211; V2, Res. CAC<\/p>\n<p>Pes\/Otvoren\u00e1<br \/>\nCEASAR JIPE BOHEMIA &#8211; VD1<\/p>\n<p>Pes\/\u0160ampi\u00f3nov<br \/>\nBENTLEY JUNIOR HIRAGANA &#8211; V1, CAC, CC, BOB, V\u00ed\u0165az \u0161pec. v\u00fdstavy, <strong>BIS 1<\/strong><br \/>\nCHESVET LINE IMAGE BLACK PEARLS &#8211; nenast\u00fapil<\/p>\n<p>Pes\/Veter\u00e1nov<br \/>\nSOLARIS AVIS MAGIC MOMENT &#8211; nenast\u00fapil<\/p>\n<p>Suka\/Mlad\u0161\u00ed&nbsp;dorast<br \/>\nELINOR THESE LOVINGEYES &#8211; nenast\u00fapil<\/p>\n<p>Suka\/Dorast<br \/>\nDIANA JIPE BOHEMIA &#8211; VN1, <strong>BIS Puppy<\/strong><\/p>\n<p>Suka\/Mlad\u00fdch<br \/>\nBEST FIRST LILLY &#8211; V1, CAJC, JCC<br \/>\nDAFNE THESE LOVINGEYES &#8211; nenast\u00fapil<br \/>\nDIAMOND FLASH MELANI RAISING STAR \u2013 V2<br \/>\nKETTY ATREI KIRA \u2013 VD3<\/p>\n<p>Suka\/Stredn\u00e1<br \/>\nSZ\u00d6L\u00d6HEGYI BITANG\u00dcZ\u00d6 F\u00c9DRA \u2013 nenast\u00fapil<\/p>\n<p>Suka\/Otvoren\u00e1<br \/>\nTU CHU MADAM ATREI KIRABZER &#8211; V1, CAC, CC<\/p>\n<p>Suka\/\u0160ampi\u00f3nov<br \/>\nFLORENTINA ATREI KIRABZER &#8211; V2, Res. CAC<br \/>\nURGENCE Z IVAFRE &#8211; V1, CAC, CC, BOS<\/p>\n<p>Suka\/\u010cestn\u00e1<br \/>\nRED WHITE BEAUTY Z KOJCA COLI &#8211; V1, <strong>BIS honour class<\/strong><\/p>\n<\/div><style type=\"text\/css\">.fusion-body .fusion-builder-column-1{width:100% !important;margin-top : 0px;margin-bottom : 0px;}.fusion-builder-column-1 > .fusion-column-wrapper {padding-top : 0px !important;padding-right : 0px !important;margin-right : 0px;padding-bottom : 0px !important;padding-left : 0px !important;margin-left : 0px;}@media only screen and (max-width:1024px) {.fusion-body .fusion-builder-column-1{width:100% !important;}.fusion-builder-column-1 > .fusion-column-wrapper {margin-right : 0px;margin-left : 0px;}}@media only screen and (max-width:640px) {.fusion-body .fusion-builder-column-1{width:100% !important;}.fusion-builder-column-1 > .fusion-column-wrapper {margin-right : 0px;margin-left : 0px;}}<\/style><\/div><div class=\"fusion-layout-column fusion_builder_column fusion-builder-column-2 fusion_builder_column_1_1 1_1 fusion-flex-column fusion-flex-align-self-flex-start fusion-column-no-min-height\"><div class=\"fusion-column-wrapper fusion-flex-justify-content-flex-start fusion-content-layout-column\" style=\"background-position:left top;background-repeat:no-repeat;-webkit-background-size:cover;-moz-background-size:cover;-o-background-size:cover;background-size:cover;padding: 0px 0px 0px 0px;\"><style type=\"text\/css\">@media only screen and (max-width:1024px) {.fusion-title.fusion-title-3{margin-top:10px!important; margin-right:0px!important;margin-bottom:15px!important;margin-left:0px!important;}}@media only screen and (max-width:640px) {.fusion-title.fusion-title-3{margin-top:10px!important; margin-right:0px!important;margin-bottom:10px!important; margin-left:0px!important;}}<\/style><div class=\"fusion-title title fusion-title-3 fusion-title-text fusion-title-size-two\" style=\"margin-top:10px;margin-right:0px;margin-bottom:15px;margin-left:0px;\"><div class=\"title-sep-container title-sep-container-left fusion-no-large-visibility fusion-no-medium-visibility fusion-no-small-visibility\"><div class=\"title-sep sep-\" style=\"border-color:#E7E6E6;\"><\/div><\/div><span class=\"awb-title-spacer fusion-no-large-visibility fusion-no-medium-visibility fusion-no-small-visibility\"><\/span><h2 class=\"title-heading-left fusion-responsive-typography-calculated\" style=\"margin:0;--fontSize:18;--minFontSize:18px;line-height:1.5;\"><span style=\"color: #8c0a2f;\"><strong>TIBETAN TERRIER<\/strong><\/span><\/h2><span class=\"awb-title-spacer\"><\/span><div class=\"title-sep-container title-sep-container-right\"><div class=\"title-sep sep-\" style=\"border-color:#E7E6E6;\"><\/div><\/div><\/div>\n<p>Pes\/Stredn\u00e1<br \/>\nKHYI-MI EMCHI LAMLEH BAGYA \u2013 VD1<\/p>\n<p>Pes\/Otvoren\u00e1<br \/>\nGEDARIAH ANGEL DJOMO GANGKAR &#8211; V1, CAC, CC, BOS<\/p>\n<p>Pes\/\u0160ampi\u00f3nov<br \/>\nART OF LIFE ERBOSEDITION &#8211; V1, CAC, CC<br \/>\nBORN TO LOVE ERBOSEDITION &#8211; V1<\/p>\n<p>Suka\/\u0160ampi\u00f3nov<br \/>\nA DESERT ROSE ERBOSEDITION &#8211; V1, CAC, CC, BOB, V\u00ed\u0165az \u0161pec. v\u00fdstavy, <strong>BIS 3<\/strong><\/p>\n<\/div><style type=\"text\/css\">.fusion-body .fusion-builder-column-2{width:100% !important;margin-top : 0px;margin-bottom : 0px;}.fusion-builder-column-2 > .fusion-column-wrapper {padding-top : 0px !important;padding-right : 0px !important;margin-right : 0px;padding-bottom : 0px !important;padding-left : 0px !important;margin-left : 0px;}@media only screen and (max-width:1024px) {.fusion-body .fusion-builder-column-2{width:100% !important;}.fusion-builder-column-2 > .fusion-column-wrapper {margin-right : 0px;margin-left : 0px;}}@media only screen and (max-width:640px) {.fusion-body .fusion-builder-column-2{width:100% !important;}.fusion-builder-column-2 > .fusion-column-wrapper {margin-right : 0px;margin-left : 0px;}}<\/style><\/div><div class=\"fusion-layout-column fusion_builder_column fusion-builder-column-3 fusion_builder_column_1_1 1_1 fusion-flex-column fusion-flex-align-self-flex-start fusion-column-no-min-height\"><div class=\"fusion-column-wrapper fusion-flex-justify-content-flex-start fusion-content-layout-column\" style=\"background-position:left top;background-repeat:no-repeat;-webkit-background-size:cover;-moz-background-size:cover;-o-background-size:cover;background-size:cover;padding: 0px 0px 0px 0px;\"><style type=\"text\/css\">@media only screen and (max-width:1024px) {.fusion-title.fusion-title-4{margin-top:10px!important; margin-right:0px!important;margin-bottom:15px!important;margin-left:0px!important;}}@media only screen and (max-width:640px) {.fusion-title.fusion-title-4{margin-top:10px!important; margin-right:0px!important;margin-bottom:10px!important; margin-left:0px!important;}}<\/style><div class=\"fusion-title title fusion-title-4 fusion-title-text fusion-title-size-two\" style=\"margin-top:10px;margin-right:0px;margin-bottom:15px;margin-left:0px;\"><div class=\"title-sep-container title-sep-container-left fusion-no-large-visibility fusion-no-medium-visibility fusion-no-small-visibility\"><div class=\"title-sep sep-\" style=\"border-color:#E7E6E6;\"><\/div><\/div><span class=\"awb-title-spacer fusion-no-large-visibility fusion-no-medium-visibility fusion-no-small-visibility\"><\/span><h2 class=\"title-heading-left fusion-responsive-typography-calculated\" style=\"margin:0;--fontSize:18;--minFontSize:18px;line-height:1.5;\"><span style=\"color: #8c0a2f;\"><strong>TIBETAN SPANIEL<\/strong><\/span><\/h2><span class=\"awb-title-spacer\"><\/span><div class=\"title-sep-container title-sep-container-right\"><div class=\"title-sep sep-\" style=\"border-color:#E7E6E6;\"><\/div><\/div><\/div>\n<p>Pes\/Dorast<br \/>\nCATCH ME IF YOU CAN LIVOLLY \u2013 VN1, <strong>BIS Puppy 2<\/strong><\/p>\n<p>Pes\/Mlad\u00fdch<br \/>\nFROZEN BLAZE PEARL OF THE MOON \u2013 VD1<\/p>\n<p>Pes\/Stredn\u00e1<br \/>\nPIECE OF CAKE LIVOLLY &#8211; V1, CAC,CC, BOB, V\u00ed\u0165az \u0161pec. v\u00fdstavy, <strong>BIS4<\/strong><\/p>\n<p>Suka\/Mlad\u0161\u00ed dorast<br \/>\nPUNDARIKA HARI SHANTI &#8211; VN1, <strong>BIS minor puppy<\/strong><\/p>\n<p>Suka\/\u0160ampi\u00f3nov<br \/>\nKIIRAMANNA MISS FINLAND &#8211; V1, CAC, CC, BOS<\/p>\n<p>Suka\/Veter\u00e1nov<br \/>\nDIRKE ZLOTA WOLNOSC &#8211; V1, <strong>BIS Veteran<\/strong><\/p>\n<\/div><style type=\"text\/css\">.fusion-body .fusion-builder-column-3{width:100% !important;margin-top : 0px;margin-bottom : 0px;}.fusion-builder-column-3 > .fusion-column-wrapper {padding-top : 0px !important;padding-right : 0px !important;margin-right : 0px;padding-bottom : 0px !important;padding-left : 0px !important;margin-left : 0px;}@media only screen and (max-width:1024px) {.fusion-body .fusion-builder-column-3{width:100% !important;}.fusion-builder-column-3 > .fusion-column-wrapper {margin-right : 0px;margin-left : 0px;}}@media only screen and (max-width:640px) {.fusion-body .fusion-builder-column-3{width:100% !important;}.fusion-builder-column-3 > .fusion-column-wrapper {margin-right : 0px;margin-left : 0px;}}<\/style><\/div><\/div><style type=\"text\/css\">.fusion-fullwidth.fusion-builder-row-1 { overflow:visible; }.fusion-body .fusion-flex-container.fusion-builder-row-1{ padding-top : 0px;margin-top : 0px;padding-right : 0px;padding-bottom : 0px;margin-bottom : 0px;padding-left : 0px;}<\/style><\/div>\n","protected":false},"excerpt":{"rendered":"<p>\u0160peci\u00e1lna v\u00fdstava 28.10.2017 Pie\u0161\u0165any,&nbsp;rozhodca:&nbsp;Linda Vol\u00e1rikov\u00e1<\/p>\n","protected":false},"author":8,"featured_media":0,"parent":0,"menu_order":0,"comment_status":"closed","ping_status":"closed","template":"","meta":{"ngg_post_thumbnail":0},"_links":{"self":[{"href":"https:\/\/ktp-sk.sk\/old\/wp-json\/wp\/v2\/pages\/5243"}],"collection":[{"href":"https:\/\/ktp-sk.sk\/old\/wp-json\/wp\/v2\/pages"}],"about":[{"href":"https:\/\/ktp-sk.sk\/old\/wp-json\/wp\/v2\/types\/page"}],"author":[{"embeddable":true,"href":"https:\/\/ktp-sk.sk\/old\/wp-json\/wp\/v2\/users\/8"}],"replies":[{"embeddable":true,"href":"https:\/\/ktp-sk.sk\/old\/wp-json\/wp\/v2\/comments?post=5243"}],"version-history":[{"count":0,"href":"https:\/\/ktp-sk.sk\/old\/wp-json\/wp\/v2\/pages\/5243\/revisions"}],"wp:attachment":[{"href":"https:\/\/ktp-sk.sk\/old\/wp-json\/wp\/v2\/media?parent=5243"}],"curies":[{"name":"wp","href":"https:\/\/api.w.org\/{rel}","templated":true}]}}