{"id":5265,"date":"2017-11-06T21:46:59","date_gmt":"2017-11-06T19:46:59","guid":{"rendered":"http:\/\/www.ktp-sk.sk\/?page_id=5265"},"modified":"2021-09-14T12:43:26","modified_gmt":"2021-09-14T10:43:26","slug":"uchovnene-jedince-tibetsky-spaniel","status":"publish","type":"page","link":"https:\/\/ktp-sk.sk\/old\/uchovnene-jedince-tibetsky-spaniel\/","title":{"rendered":"Uchovnen\u00e9 jedince Tibetsk\u00fd \u0161paniel"},"content":{"rendered":"<p>Na podrobn\u00fa prezent\u00e1ciu chovn\u00fdch jedincov na t\u00fdchto str\u00e1nkach maj\u00fa pr\u00e1vo iba majitelia, ktor\u00ed s\u00fa \u010dlenmi klubu. K dispoz\u00edcii je stru\u010dn\u00fd zoznam klubom uchovnen\u00fdch jedincov.<\/p>\n<div>Tibetsk\u00fd \u0161paniel &#8211; psy<\/div>\n<div>Excalibur Legend Lucy&#8217;s secret<\/div>\n<div>Os-Pa Danpo Sommerlyst&#8217;s<\/div>\n<div>Can-Ring Lotosov\u00fd kvet Tibetu<\/div>\n<div>An-Dan-Po Lotosov\u00fd kvet Tibetu<\/div>\n<div>&nbsp;<\/div>\n<div>Tibetsk\u00fd \u0161paniel &#8211; suky<\/div>\n<div>Deep Secret Brill Padme<\/div>\n<div>Casey Donum Tibet<\/div>\n<div>E-Ma-Hi-Sa Lotosov\u00fd kvet Tibetu<\/div>\n<div>Bria Donum Tibet<\/div>\n<div>Gan-Gen Lotosov\u00fd kvet Tibetu<\/div>\n<div>Ca-tsha Lotosov\u00fd kvet Tibetu<\/div>\n<div>A-Ni Lotosov\u00fd kvet Tibetu<\/div>\n<div>An-Na-Tsi Lotosov\u00fd kvet Tibetu<\/div>\n","protected":false},"excerpt":{"rendered":"<p>Na podrobn\u00fa prezent\u00e1ciu chovn\u00fdch jedincov na t\u00fdchto str\u00e1nkach maj\u00fa pr\u00e1vo iba majitelia, ktor\u00ed s\u00fa \u010dlenmi klubu. K dispoz\u00edcii je stru\u010dn\u00fd zoznam klubom uchovnen\u00fdch jedincov. Tibetsk\u00fd [&hellip;]<\/p>\n","protected":false},"author":8,"featured_media":0,"parent":0,"menu_order":0,"comment_status":"closed","ping_status":"closed","template":"","meta":{"ngg_post_thumbnail":0},"_links":{"self":[{"href":"https:\/\/ktp-sk.sk\/old\/wp-json\/wp\/v2\/pages\/5265"}],"collection":[{"href":"https:\/\/ktp-sk.sk\/old\/wp-json\/wp\/v2\/pages"}],"about":[{"href":"https:\/\/ktp-sk.sk\/old\/wp-json\/wp\/v2\/types\/page"}],"author":[{"embeddable":true,"href":"https:\/\/ktp-sk.sk\/old\/wp-json\/wp\/v2\/users\/8"}],"replies":[{"embeddable":true,"href":"https:\/\/ktp-sk.sk\/old\/wp-json\/wp\/v2\/comments?post=5265"}],"version-history":[{"count":0,"href":"https:\/\/ktp-sk.sk\/old\/wp-json\/wp\/v2\/pages\/5265\/revisions"}],"wp:attachment":[{"href":"https:\/\/ktp-sk.sk\/old\/wp-json\/wp\/v2\/media?parent=5265"}],"curies":[{"name":"wp","href":"https:\/\/api.w.org\/{rel}","templated":true}]}}