{"id":5271,"date":"2018-12-16T12:24:31","date_gmt":"2018-12-16T10:24:31","guid":{"rendered":"http:\/\/www.ktp-sk.sk\/?page_id=5271"},"modified":"2021-09-14T12:40:21","modified_gmt":"2021-09-14T10:40:21","slug":"uchovnene-jedince-tibetsky-terier","status":"publish","type":"page","link":"https:\/\/ktp-sk.sk\/old\/uchovnene-jedince-tibetsky-terier\/","title":{"rendered":"Uchovnen\u00e9 jedince Tibetsk\u00fd teri\u00e9r"},"content":{"rendered":"<p>Na podrobn\u00fa prezent\u00e1ciu chovn\u00fdch jedincov na str\u00e1nkach Klubu tibetsk\u00fdch plemien maj\u00fa pr\u00e1vo iba majitelia, ktor\u00ed s\u00fa \u010dlenmi klubu. Tu je zoznam klubom uchovnen\u00fdch jedincov Tibetsk\u00fdch teri\u00e9rov, ktor\u00e9 boli v \u010dase uchovnenia zap\u00edsan\u00e9 v Slovenskej plemennej knihe psov (SPKP).<\/p>\n<div>Tibetsk\u00fd teri\u00e9r &#8211; psy<\/div>\n<div>Khyi-Mi Emchi Lamleh Bagya<\/div>\n<div>A Heartbreaker Erbosedition<\/div>\n<div>Ha-Gi Tingri<\/div>\n<div>Ekadashi Tingri<\/div>\n<div>Art of Life Erbosedition<\/div>\n<div>Chenpo z Targenu<\/div>\n<div>Bastian Touch of Empathy<\/div>\n<div>Khyi-Mi Co Do Lamleh<\/div>\n<div>Cumalon Tingri<\/div>\n<div>Khyi-Mi Bod-ja Lamleh<\/div>\n<div>Archad Tingri<\/div>\n<div>Akar Tingri<\/div>\n<div>Falamandus Nordic Vintage<\/div>\n<div>&nbsp;<\/div>\n<div>\n<div>Tibetsk\u00fd teri\u00e9r &#8211; suky<\/div>\n<div>Khyi-Mi Lamleh Hoksa Rex<\/div>\n<div>Born To Love Erbosedition<\/div>\n<div>A Desert Rose Erbosedition<\/div>\n<div>Hada Tingri<\/div>\n<div>Sa-Ga-Ra od Vilzonky<\/div>\n<div>Ellora Tingri<\/div>\n<div>Ma-Tu Mya od Vilzonky<\/div>\n<div>Litomada&#8217;s GK&#8217;s Free<\/div>\n<div>Caitanya Tingri<\/div>\n<div>L\u00f6vskar&#8217;s Lasya<\/div>\n<div>Khyi-Mi Ardin Lamleh<\/div>\n<div>Bhoomi Lamleh Schambala<\/div>\n<div>Dolly M-V Kmecovi<\/div>\n<\/div>\n","protected":false},"excerpt":{"rendered":"<p>Na podrobn\u00fa prezent\u00e1ciu chovn\u00fdch jedincov na str\u00e1nkach Klubu tibetsk\u00fdch plemien maj\u00fa pr\u00e1vo iba majitelia, ktor\u00ed s\u00fa \u010dlenmi klubu. Tu je zoznam klubom uchovnen\u00fdch jedincov Tibetsk\u00fdch [&hellip;]<\/p>\n","protected":false},"author":8,"featured_media":0,"parent":0,"menu_order":0,"comment_status":"closed","ping_status":"closed","template":"","meta":{"ngg_post_thumbnail":0},"_links":{"self":[{"href":"https:\/\/ktp-sk.sk\/old\/wp-json\/wp\/v2\/pages\/5271"}],"collection":[{"href":"https:\/\/ktp-sk.sk\/old\/wp-json\/wp\/v2\/pages"}],"about":[{"href":"https:\/\/ktp-sk.sk\/old\/wp-json\/wp\/v2\/types\/page"}],"author":[{"embeddable":true,"href":"https:\/\/ktp-sk.sk\/old\/wp-json\/wp\/v2\/users\/8"}],"replies":[{"embeddable":true,"href":"https:\/\/ktp-sk.sk\/old\/wp-json\/wp\/v2\/comments?post=5271"}],"version-history":[{"count":0,"href":"https:\/\/ktp-sk.sk\/old\/wp-json\/wp\/v2\/pages\/5271\/revisions"}],"wp:attachment":[{"href":"https:\/\/ktp-sk.sk\/old\/wp-json\/wp\/v2\/media?parent=5271"}],"curies":[{"name":"wp","href":"https:\/\/api.w.org\/{rel}","templated":true}]}}